{"id":1808673,"date":"2025-05-01T01:54:22","date_gmt":"2025-04-30T23:54:22","guid":{"rendered":"https:\/\/streetmarkets.fr\/app\/produit\/sweatshirt-hoodie-s25-femme-gris-chine-clair\/"},"modified":"2025-09-23T01:53:05","modified_gmt":"2025-09-22T23:53:05","slug":"sweatshirt-hoodie-s25-femme-gris-chine-clair","status":"publish","type":"product","link":"https:\/\/streetmarkets.fr\/app\/produit\/sweatshirt-hoodie-s25-femme-gris-chine-clair\/","title":{"rendered":"Sweatshirt Hoodie Bandes Multicolores (S25 \/ FEMME \/ Gris Chin\u00e9 Clair)"},"content":{"rendered":"<p>&#8211; Sweatshirt hoodie en coton Femme <br \/>&#8211; Bandes multicolores <br \/>&#8211; Capuche \u00e0 cordons <br \/>&#8211; Fermeture zipp\u00e9e <br \/>&#8211; 2 poches <br \/>&#8211; Manches longues <br \/>&#8211; Bords c\u00f4tel\u00e9s <br \/>&#8211; Coupe regular<\/p>\n","protected":false},"excerpt":{"rendered":"<p>&#8211; Sweatshirt hoodie en coton Femme &#8211; Bandes multicolores &#8211; Capuche \u00e0 cordons &#8211; Fermeture zipp\u00e9e &#8211; 2 poches &#8211; Manches longues &#8211; Bords c\u00f4tel\u00e9s &#8211; Coupe regular<\/p>\n","protected":false},"featured_media":1808674,"comment_status":"open","ping_status":"closed","template":"","meta":[],"product_brand":[6868],"product_cat":[1756,1762],"product_tag":[2244],"acf":[],"_links":{"self":[{"href":"https:\/\/streetmarkets.fr\/app\/wp-json\/wp\/v2\/product\/1808673"}],"collection":[{"href":"https:\/\/streetmarkets.fr\/app\/wp-json\/wp\/v2\/product"}],"about":[{"href":"https:\/\/streetmarkets.fr\/app\/wp-json\/wp\/v2\/types\/product"}],"replies":[{"embeddable":true,"href":"https:\/\/streetmarkets.fr\/app\/wp-json\/wp\/v2\/comments?post=1808673"}],"wp:featuredmedia":[{"embeddable":true,"href":"https:\/\/streetmarkets.fr\/app\/wp-json\/wp\/v2\/media\/1808674"}],"wp:attachment":[{"href":"https:\/\/streetmarkets.fr\/app\/wp-json\/wp\/v2\/media?parent=1808673"}],"wp:term":[{"taxonomy":"product_brand","embeddable":true,"href":"https:\/\/streetmarkets.fr\/app\/wp-json\/wp\/v2\/product_brand?post=1808673"},{"taxonomy":"product_cat","embeddable":true,"href":"https:\/\/streetmarkets.fr\/app\/wp-json\/wp\/v2\/product_cat?post=1808673"},{"taxonomy":"product_tag","embeddable":true,"href":"https:\/\/streetmarkets.fr\/app\/wp-json\/wp\/v2\/product_tag?post=1808673"}],"curies":[{"name":"wp","href":"https:\/\/api.w.org\/{rel}","templated":true}]}}