{"id":1798153,"date":"2025-04-28T06:52:56","date_gmt":"2025-04-28T04:52:56","guid":{"rendered":"https:\/\/streetmarkets.fr\/app\/produit\/cravate-domino\/"},"modified":"2026-03-16T05:47:06","modified_gmt":"2026-03-16T04:47:06","slug":"cravate-domino","status":"publish","type":"product","link":"https:\/\/streetmarkets.fr\/app\/produit\/cravate-domino\/","title":{"rendered":"Cravate domino"},"content":{"rendered":"<p data-start=\"256\" data-end=\"568\" class=\"\">Faites une d\u00e9claration de style avec cette <strong data-start=\"299\" data-end=\"318\">cravate en soie<\/strong> de la marque <strong data-start=\"332\" data-end=\"343\">Borroni<\/strong>, orn\u00e9e d\u2019un <strong data-start=\"356\" data-end=\"372\">motif domino<\/strong> unique. Ce design distinctif apporte une <strong data-start=\"414\" data-end=\"441\">dimension contemporaine<\/strong> \u00e0 cette pi\u00e8ce \u00e9l\u00e9gante, tout en restant suffisamment subtil pour s\u2019adapter \u00e0 des tenues \u00e0 la fois <strong data-start=\"540\" data-end=\"548\">chic<\/strong> et <strong data-start=\"552\" data-end=\"567\">audacieuses<\/strong>.<\/p>\n<p data-start=\"570\" data-end=\"950\" class=\"\">Confectionn\u00e9e en <strong data-start=\"587\" data-end=\"617\">soie de qualit\u00e9 sup\u00e9rieure<\/strong>, cette cravate pr\u00e9sente une <strong data-start=\"646\" data-end=\"673\">texture lisse et fluide<\/strong>, qui capte la lumi\u00e8re d\u2019une mani\u00e8re raffin\u00e9e, ajoutant une touche <strong data-start=\"743\" data-end=\"761\">sophistiqu\u00e9e<\/strong>\u00a0\u00e0 vos looks. Les motifs domino, \u00e0 la fois g\u00e9om\u00e9triques et <strong data-start=\"820\" data-end=\"832\">cr\u00e9atifs<\/strong>, insufflent un esprit moderne \u00e0 cette cravate, la rendant parfaite pour un <strong data-start=\"908\" data-end=\"919\">costume<\/strong> ou une <strong data-start=\"927\" data-end=\"936\">veste<\/strong> de caract\u00e8re.<\/p>\n<p data-start=\"952\" data-end=\"1262\" class=\"\">Fabriqu\u00e9e en <strong data-start=\"965\" data-end=\"975\">Italie<\/strong>, cette cravate <strong data-start=\"991\" data-end=\"1002\">Borroni<\/strong> allie <strong data-start=\"1009\" data-end=\"1038\">savoir-faire traditionnel<\/strong> et <strong data-start=\"1042\" data-end=\"1071\">originalit\u00e9 contemporaine<\/strong>. D\u00e9couvrez cette pi\u00e8ce \u00e0 la fois <strong data-start=\"1105\" data-end=\"1119\">audacieuse<\/strong> et <strong data-start=\"1123\" data-end=\"1139\">intemporelle<\/strong>, disponible chez <strong data-start=\"1172\" data-end=\"1188\">Harold Paris<\/strong>, votre destination pour un style \u00e0 la fois raffin\u00e9 et r\u00e9solument moderne.<\/p>\n","protected":false},"excerpt":{"rendered":"<p>Faites une d\u00e9claration de style avec cette cravate en soie de la marque Borroni, orn\u00e9e d\u2019un motif domino unique. Ce design distinctif apporte une dimension contemporaine \u00e0 cette pi\u00e8ce \u00e9l\u00e9gante, tout en restant suffisamment subtil pour s\u2019adapter \u00e0 des tenues \u00e0 la fois chic et audacieuses. Confectionn\u00e9e en soie de qualit\u00e9 sup\u00e9rieure, cette cravate pr\u00e9sente [&hellip;]<\/p>\n","protected":false},"featured_media":1798154,"comment_status":"open","ping_status":"closed","template":"","meta":[],"product_brand":[],"product_cat":[1756,1760],"product_tag":[2244],"acf":[],"_links":{"self":[{"href":"https:\/\/streetmarkets.fr\/app\/wp-json\/wp\/v2\/product\/1798153"}],"collection":[{"href":"https:\/\/streetmarkets.fr\/app\/wp-json\/wp\/v2\/product"}],"about":[{"href":"https:\/\/streetmarkets.fr\/app\/wp-json\/wp\/v2\/types\/product"}],"replies":[{"embeddable":true,"href":"https:\/\/streetmarkets.fr\/app\/wp-json\/wp\/v2\/comments?post=1798153"}],"wp:featuredmedia":[{"embeddable":true,"href":"https:\/\/streetmarkets.fr\/app\/wp-json\/wp\/v2\/media\/1798154"}],"wp:attachment":[{"href":"https:\/\/streetmarkets.fr\/app\/wp-json\/wp\/v2\/media?parent=1798153"}],"wp:term":[{"taxonomy":"product_brand","embeddable":true,"href":"https:\/\/streetmarkets.fr\/app\/wp-json\/wp\/v2\/product_brand?post=1798153"},{"taxonomy":"product_cat","embeddable":true,"href":"https:\/\/streetmarkets.fr\/app\/wp-json\/wp\/v2\/product_cat?post=1798153"},{"taxonomy":"product_tag","embeddable":true,"href":"https:\/\/streetmarkets.fr\/app\/wp-json\/wp\/v2\/product_tag?post=1798153"}],"curies":[{"name":"wp","href":"https:\/\/api.w.org\/{rel}","templated":true}]}}