{"id":1798075,"date":"2025-04-28T06:52:46","date_gmt":"2025-04-28T04:52:46","guid":{"rendered":"https:\/\/streetmarkets.fr\/app\/produit\/relaxed-fit-bleached-jeans-5328\/"},"modified":"2026-03-16T05:47:05","modified_gmt":"2026-03-16T04:47:05","slug":"relaxed-fit-bleached-jeans-5328","status":"publish","type":"product","link":"https:\/\/streetmarkets.fr\/app\/produit\/relaxed-fit-bleached-jeans-5328\/","title":{"rendered":"Relaxed Fit Bleached Jeans 5328"},"content":{"rendered":"<p><span data-sheets-root=\"1\" data-sheets-value=\"{&quot;1&quot;:2,&quot;2&quot;:&quot;D\u00e9couvrez le parfait \u00e9quilibre entre style d\u00e9contract\u00e9 et conscience \u00e9cologique avec le \\&quot;Relaxed Fit Bleached Jeans 5328\\&quot; de chez Revolution. Disponible dans un bleu clair rafra\u00eechissant, ce jean \u00e0 la coupe d\u00e9contract\u00e9e est fabriqu\u00e9 \u00e0 partir d'un denim en coton biologique avec une touche d'\u00e9lasticit\u00e9 pour un confort optimal.\\n\\nDot\u00e9 d'une coupe mi-haute et de 5 poches, ce jean offre un look polyvalent qui peut \u00eatre facilement adapt\u00e9 \u00e0 toutes les occasions. Le teinte bleu clair lav\u00e9 en profondeur lui conf\u00e8re une esth\u00e9tique vintage tendance, tandis que la coupe g\u00e9n\u00e9reuse et l'entrejambe l\u00e9g\u00e8rement basse ajoute une touche urbaine moderne.\\n\\nQue vous les associiez \u00e0 des baskets d\u00e9contract\u00e9es, un sweat \u00e0 capuche confortable ou une chemise \u00e0 carreaux chic, le \\&quot;Relaxed Fit Bleached Jeans 5328\\&quot; de Revolution est un choix polyvalent et \u00e9co-responsable pour une garde-robe moderne et durable.&quot;}\" data-sheets-userformat='{\"2\":897,\"3\":{\"1\":0},\"10\":1,\"11\":4,\"12\":0}'>D\u00e9couvrez <strong>le parfait \u00e9quilibre entre style d\u00e9contract\u00e9 et conscience \u00e9cologique<\/strong> avec le <strong>Relaxed Fit Bleached Jeans 5328<\/strong>\u00a0de chez <strong>Revolution<\/strong>. Disponible dans un <strong>bleu clair rafra\u00eechissant<\/strong>, ce jean \u00e0 la coupe d\u00e9contract\u00e9e est fabriqu\u00e9 \u00e0 partir d&#8217;un denim en coton biologique avec une touche d&#8217;\u00e9lasticit\u00e9 pour un <strong>confort optimal<\/strong>.<\/p>\n<p>Dot\u00e9 d&#8217;une <strong>coupe mi-haute<\/strong> et de 5 poches, ce jean offre un <strong>look polyvalent<\/strong> qui peut \u00eatre facilement adapt\u00e9 \u00e0 toutes les occasions. Le teinte bleu clair lav\u00e9 en profondeur lui conf\u00e8re <strong>une esth\u00e9tique vintage tendance<\/strong>, tandis que la coupe g\u00e9n\u00e9reuse et l&#8217;entrejambe l\u00e9g\u00e8rement basse ajoute une touche urbaine moderne.<\/p>\n<p>Associez-le \u00e0 des baskets blanches d\u00e9contract\u00e9es, un sweat \u00e0 capuche confortable ou une chemise \u00e0 carreaux chic : le <strong>Relaxed Fit Bleached Jeans 5328<\/strong>&#8221; de <strong>Revolution<\/strong> est un <strong>choix polyvalent et \u00e9co-responsable<\/strong> pour une garde-robe moderne et durable.<\/span><\/p>\n","protected":false},"excerpt":{"rendered":"<p>D\u00e9couvrez le parfait \u00e9quilibre entre style d\u00e9contract\u00e9 et conscience \u00e9cologique avec le Relaxed Fit Bleached Jeans 5328\u00a0de chez Revolution. Disponible dans un bleu clair rafra\u00eechissant, ce jean \u00e0 la coupe d\u00e9contract\u00e9e est fabriqu\u00e9 \u00e0 partir d&#8217;un denim en coton biologique avec une touche d&#8217;\u00e9lasticit\u00e9 pour un confort optimal. Dot\u00e9 d&#8217;une coupe mi-haute et de 5 [&hellip;]<\/p>\n","protected":false},"featured_media":1798076,"comment_status":"open","ping_status":"closed","template":"","meta":[],"product_brand":[],"product_cat":[1756,1758],"product_tag":[2244],"acf":[],"_links":{"self":[{"href":"https:\/\/streetmarkets.fr\/app\/wp-json\/wp\/v2\/product\/1798075"}],"collection":[{"href":"https:\/\/streetmarkets.fr\/app\/wp-json\/wp\/v2\/product"}],"about":[{"href":"https:\/\/streetmarkets.fr\/app\/wp-json\/wp\/v2\/types\/product"}],"replies":[{"embeddable":true,"href":"https:\/\/streetmarkets.fr\/app\/wp-json\/wp\/v2\/comments?post=1798075"}],"wp:featuredmedia":[{"embeddable":true,"href":"https:\/\/streetmarkets.fr\/app\/wp-json\/wp\/v2\/media\/1798076"}],"wp:attachment":[{"href":"https:\/\/streetmarkets.fr\/app\/wp-json\/wp\/v2\/media?parent=1798075"}],"wp:term":[{"taxonomy":"product_brand","embeddable":true,"href":"https:\/\/streetmarkets.fr\/app\/wp-json\/wp\/v2\/product_brand?post=1798075"},{"taxonomy":"product_cat","embeddable":true,"href":"https:\/\/streetmarkets.fr\/app\/wp-json\/wp\/v2\/product_cat?post=1798075"},{"taxonomy":"product_tag","embeddable":true,"href":"https:\/\/streetmarkets.fr\/app\/wp-json\/wp\/v2\/product_tag?post=1798075"}],"curies":[{"name":"wp","href":"https:\/\/api.w.org\/{rel}","templated":true}]}}