{"id":1793489,"date":"2025-04-28T02:10:18","date_gmt":"2025-04-28T00:10:18","guid":{"rendered":"https:\/\/streetmarkets.fr\/app\/produit\/nouveau-mother-gilet-the-long-drop-cardigan-in-forest-and-cream-article-point-rouge-de-retour-tres-vite\/"},"modified":"2025-09-08T02:09:37","modified_gmt":"2025-09-08T00:09:37","slug":"nouveau-mother-gilet-the-long-drop-cardigan-in-forest-and-cream-article-point-rouge-de-retour-tres-vite","status":"publish","type":"product","link":"https:\/\/streetmarkets.fr\/app\/produit\/nouveau-mother-gilet-the-long-drop-cardigan-in-forest-and-cream-article-point-rouge-de-retour-tres-vite\/","title":{"rendered":"MOTHER Gilet The Long Drop Cardigan in Forest and Cream"},"content":{"rendered":"<p data-rte-preserve-empty=\"true\">Gilet \u00e0 motif boutonn\u00e9, coupe ample, emmanchure large, manches longues et poignets resserr\u00e9s, encolure arrondie, boutons en bois, tout doux et cocooning.<\/p>\n<p data-rte-preserve-empty=\"true\">D\u00e9tail : 67% coton, 14% alpaca, 14% acrylique, 3% viscose, 2% laine<\/p>\n<p data-rte-preserve-empty=\"true\">Made in Peru<\/p>\n","protected":false},"excerpt":{"rendered":"<p>Gilet \u00e0 motif boutonn\u00e9, coupe ample, emmanchure large, manches longues et poignets resserr\u00e9s, encolure arrondie, boutons en bois, tout doux et cocooning. D\u00e9tail : 67% coton, 14% alpaca, 14% acrylique, 3% viscose, 2% laine Made in Peru<\/p>\n","protected":false},"featured_media":1793490,"comment_status":"open","ping_status":"closed","template":"","meta":[],"product_brand":[],"product_cat":[1756,1762],"product_tag":[2244],"acf":[],"_links":{"self":[{"href":"https:\/\/streetmarkets.fr\/app\/wp-json\/wp\/v2\/product\/1793489"}],"collection":[{"href":"https:\/\/streetmarkets.fr\/app\/wp-json\/wp\/v2\/product"}],"about":[{"href":"https:\/\/streetmarkets.fr\/app\/wp-json\/wp\/v2\/types\/product"}],"replies":[{"embeddable":true,"href":"https:\/\/streetmarkets.fr\/app\/wp-json\/wp\/v2\/comments?post=1793489"}],"wp:featuredmedia":[{"embeddable":true,"href":"https:\/\/streetmarkets.fr\/app\/wp-json\/wp\/v2\/media\/1793490"}],"wp:attachment":[{"href":"https:\/\/streetmarkets.fr\/app\/wp-json\/wp\/v2\/media?parent=1793489"}],"wp:term":[{"taxonomy":"product_brand","embeddable":true,"href":"https:\/\/streetmarkets.fr\/app\/wp-json\/wp\/v2\/product_brand?post=1793489"},{"taxonomy":"product_cat","embeddable":true,"href":"https:\/\/streetmarkets.fr\/app\/wp-json\/wp\/v2\/product_cat?post=1793489"},{"taxonomy":"product_tag","embeddable":true,"href":"https:\/\/streetmarkets.fr\/app\/wp-json\/wp\/v2\/product_tag?post=1793489"}],"curies":[{"name":"wp","href":"https:\/\/api.w.org\/{rel}","templated":true}]}}