{"id":1791356,"date":"2025-04-27T04:10:00","date_gmt":"2025-04-27T02:10:00","guid":{"rendered":"https:\/\/streetmarkets.fr\/app\/produit\/veste-en-jean\/"},"modified":"2026-05-13T03:51:43","modified_gmt":"2026-05-13T01:51:43","slug":"veste-en-jean","status":"publish","type":"product","link":"https:\/\/streetmarkets.fr\/app\/produit\/veste-en-jean\/","title":{"rendered":"Veste En Jean"},"content":{"rendered":"<ul>\n<li>Coupe r\u00e9guli\u00e8re<\/li>\n<li>Longueur taille<\/li>\n<li>Poche d\u00e9corative poitrine<\/li>\n<li>Doublure int\u00e9grale<\/li>\n<\/ul>\n<p>56% coton, 44% coton<\/p>\n<p>Fabriqu\u00e9 en Italie<\/p>\n<p>FN-WN-OUTW001058<\/p>\n","protected":false},"excerpt":{"rendered":"<p>Coupe r\u00e9guli\u00e8re Longueur taille Poche d\u00e9corative poitrine Doublure int\u00e9grale 56% coton, 44% coton Fabriqu\u00e9 en Italie FN-WN-OUTW001058<\/p>\n","protected":false},"featured_media":1791357,"comment_status":"open","ping_status":"closed","template":"","meta":[],"product_brand":[],"product_cat":[1756,1762],"product_tag":[2244,1811],"acf":[],"_links":{"self":[{"href":"https:\/\/streetmarkets.fr\/app\/wp-json\/wp\/v2\/product\/1791356"}],"collection":[{"href":"https:\/\/streetmarkets.fr\/app\/wp-json\/wp\/v2\/product"}],"about":[{"href":"https:\/\/streetmarkets.fr\/app\/wp-json\/wp\/v2\/types\/product"}],"replies":[{"embeddable":true,"href":"https:\/\/streetmarkets.fr\/app\/wp-json\/wp\/v2\/comments?post=1791356"}],"wp:featuredmedia":[{"embeddable":true,"href":"https:\/\/streetmarkets.fr\/app\/wp-json\/wp\/v2\/media\/1791357"}],"wp:attachment":[{"href":"https:\/\/streetmarkets.fr\/app\/wp-json\/wp\/v2\/media?parent=1791356"}],"wp:term":[{"taxonomy":"product_brand","embeddable":true,"href":"https:\/\/streetmarkets.fr\/app\/wp-json\/wp\/v2\/product_brand?post=1791356"},{"taxonomy":"product_cat","embeddable":true,"href":"https:\/\/streetmarkets.fr\/app\/wp-json\/wp\/v2\/product_cat?post=1791356"},{"taxonomy":"product_tag","embeddable":true,"href":"https:\/\/streetmarkets.fr\/app\/wp-json\/wp\/v2\/product_tag?post=1791356"}],"curies":[{"name":"wp","href":"https:\/\/api.w.org\/{rel}","templated":true}]}}