{"id":1770792,"date":"2025-04-24T06:52:14","date_gmt":"2025-04-24T04:52:14","guid":{"rendered":"https:\/\/streetmarkets.fr\/app\/produit\/papillon-vichy-coton\/"},"modified":"2026-03-16T05:46:44","modified_gmt":"2026-03-16T04:46:44","slug":"papillon-vichy-coton","status":"publish","type":"product","link":"https:\/\/streetmarkets.fr\/app\/produit\/papillon-vichy-coton\/","title":{"rendered":"Noeud Papillon Vichy Coton"},"content":{"rendered":"<p dir=\"auto\">Sublimez votre \u00e9l\u00e9gance avec le <strong>n\u0153ud papillon en 100% coton de Borroni<\/strong>, disponible chez Harold, con\u00e7u pour l&#8217;homme moderne. Inspir\u00e9 par le style intemporel et d\u00e9contract\u00e9, ce n\u0153ud papillon apporte une touche de sophistication \u00e0 toutes vos tenues. Sa couleur bleu marine et ses <strong>finitions impeccables<\/strong> font toute la diff\u00e9rence, tout en garantissant un confort optimal.<\/p>\n<p dir=\"auto\">Confectionn\u00e9 en <strong>coton de qualit\u00e9 sup\u00e9rieure<\/strong>, le n\u0153ud papillon Borroni se noue facilement, offrant un ajustement parfait. Son <strong>design \u00e9l\u00e9gant et intemporel<\/strong> assure une allure distingu\u00e9e, que ce soit lors d&#8217;un \u00e9v\u00e9nement professionnel ou d&#8217;une soir\u00e9e d\u00e9contract\u00e9e. Portez-le avec une chemise bien taill\u00e9e et un blazer pour un look impeccable.<\/p>\n<p dir=\"auto\">Optez pour un style in\u00e9gal\u00e9 avec le n\u0153ud papillon Borroni, o\u00f9 chaque d\u00e9tail exhale le raffinement italien. Faites de chaque occasion un moment m\u00e9morable avec Harold.<\/p>\n","protected":false},"excerpt":{"rendered":"<p>Sublimez votre \u00e9l\u00e9gance avec le n\u0153ud papillon en 100% coton de Borroni, disponible chez Harold, con\u00e7u pour l&#8217;homme moderne. Inspir\u00e9 par le style intemporel et d\u00e9contract\u00e9, ce n\u0153ud papillon apporte une touche de sophistication \u00e0 toutes vos tenues. Sa couleur bleu marine et ses finitions impeccables font toute la diff\u00e9rence, tout en garantissant un confort [&hellip;]<\/p>\n","protected":false},"featured_media":1770793,"comment_status":"open","ping_status":"closed","template":"","meta":[],"product_brand":[],"product_cat":[1756,1760],"product_tag":[2244],"acf":[],"_links":{"self":[{"href":"https:\/\/streetmarkets.fr\/app\/wp-json\/wp\/v2\/product\/1770792"}],"collection":[{"href":"https:\/\/streetmarkets.fr\/app\/wp-json\/wp\/v2\/product"}],"about":[{"href":"https:\/\/streetmarkets.fr\/app\/wp-json\/wp\/v2\/types\/product"}],"replies":[{"embeddable":true,"href":"https:\/\/streetmarkets.fr\/app\/wp-json\/wp\/v2\/comments?post=1770792"}],"wp:featuredmedia":[{"embeddable":true,"href":"https:\/\/streetmarkets.fr\/app\/wp-json\/wp\/v2\/media\/1770793"}],"wp:attachment":[{"href":"https:\/\/streetmarkets.fr\/app\/wp-json\/wp\/v2\/media?parent=1770792"}],"wp:term":[{"taxonomy":"product_brand","embeddable":true,"href":"https:\/\/streetmarkets.fr\/app\/wp-json\/wp\/v2\/product_brand?post=1770792"},{"taxonomy":"product_cat","embeddable":true,"href":"https:\/\/streetmarkets.fr\/app\/wp-json\/wp\/v2\/product_cat?post=1770792"},{"taxonomy":"product_tag","embeddable":true,"href":"https:\/\/streetmarkets.fr\/app\/wp-json\/wp\/v2\/product_tag?post=1770792"}],"curies":[{"name":"wp","href":"https:\/\/api.w.org\/{rel}","templated":true}]}}