{"id":1770747,"date":"2025-04-24T06:52:07","date_gmt":"2025-04-24T04:52:07","guid":{"rendered":"https:\/\/streetmarkets.fr\/app\/produit\/konrad-stripe-structure-shirt\/"},"modified":"2026-03-16T05:46:44","modified_gmt":"2026-03-16T04:46:44","slug":"konrad-stripe-structure-shirt","status":"publish","type":"product","link":"https:\/\/streetmarkets.fr\/app\/produit\/konrad-stripe-structure-shirt\/","title":{"rendered":"Konrad Stripe Structure Shirt"},"content":{"rendered":"<p dir=\"auto\">D\u00e9couvrez l&#8217;\u00e9l\u00e9gance intemporelle de la <strong>chemise Konrad<\/strong>, une pi\u00e8ce incontournable de la boutique Harold, situ\u00e9e au c\u0153ur du Marais \u00e0 Paris. R\u00e9alis\u00e9e dans un <strong>coton 100 % bio<\/strong>, cette chemise allie <strong>l\u00e9g\u00e8ret\u00e9 et structure<\/strong> pour un confort optimal. Sa coupe r\u00e9guli\u00e8re et son col boutonn\u00e9 offrent une allure \u00e0 la fois d\u00e9contract\u00e9e et sophistiqu\u00e9e, id\u00e9ale pour toutes les occasions.<\/p>\n<p dir=\"auto\">Le tissu structur\u00e9 et l&#8217;empi\u00e8cement \u00e0 plis creux ajoutent une touche de raffinement, tandis que la patte de boutonnage et le motif \u00e0 rayures apportent une note de modernit\u00e9. L&#8217;ourlet arri\u00e8re incurv\u00e9 et la couture d&#8217;\u00e9paule r\u00e9guli\u00e8re assurent un ajustement parfait, garantissant \u00e0 la fois <strong>style et confort<\/strong>.<\/p>\n<p dir=\"auto\">La chemise Konrad est bien plus qu&#8217;un simple v\u00eatement ; c&#8217;est une d\u00e9claration de style, un hommage \u00e0 l&#8217;\u00e9l\u00e9gance parisienne. Que vous la portiez pour une journ\u00e9e de travail ou une soir\u00e9e entre amis, elle saura sublimer votre allure avec une simplicit\u00e9 d\u00e9sarmante. Venez d\u00e9couvrir cette pi\u00e8ce exceptionnelle chez Harold et laissez-vous s\u00e9duire par l&#8217;excellence du pr\u00eat-\u00e0-porter masculin.<\/p>\n","protected":false},"excerpt":{"rendered":"<p>D\u00e9couvrez l&#8217;\u00e9l\u00e9gance intemporelle de la chemise Konrad, une pi\u00e8ce incontournable de la boutique Harold, situ\u00e9e au c\u0153ur du Marais \u00e0 Paris. R\u00e9alis\u00e9e dans un coton 100 % bio, cette chemise allie l\u00e9g\u00e8ret\u00e9 et structure pour un confort optimal. Sa coupe r\u00e9guli\u00e8re et son col boutonn\u00e9 offrent une allure \u00e0 la fois d\u00e9contract\u00e9e et sophistiqu\u00e9e, id\u00e9ale [&hellip;]<\/p>\n","protected":false},"featured_media":1770748,"comment_status":"open","ping_status":"closed","template":"","meta":[],"product_brand":[],"product_cat":[1756,1758],"product_tag":[2244],"acf":[],"_links":{"self":[{"href":"https:\/\/streetmarkets.fr\/app\/wp-json\/wp\/v2\/product\/1770747"}],"collection":[{"href":"https:\/\/streetmarkets.fr\/app\/wp-json\/wp\/v2\/product"}],"about":[{"href":"https:\/\/streetmarkets.fr\/app\/wp-json\/wp\/v2\/types\/product"}],"replies":[{"embeddable":true,"href":"https:\/\/streetmarkets.fr\/app\/wp-json\/wp\/v2\/comments?post=1770747"}],"wp:featuredmedia":[{"embeddable":true,"href":"https:\/\/streetmarkets.fr\/app\/wp-json\/wp\/v2\/media\/1770748"}],"wp:attachment":[{"href":"https:\/\/streetmarkets.fr\/app\/wp-json\/wp\/v2\/media?parent=1770747"}],"wp:term":[{"taxonomy":"product_brand","embeddable":true,"href":"https:\/\/streetmarkets.fr\/app\/wp-json\/wp\/v2\/product_brand?post=1770747"},{"taxonomy":"product_cat","embeddable":true,"href":"https:\/\/streetmarkets.fr\/app\/wp-json\/wp\/v2\/product_cat?post=1770747"},{"taxonomy":"product_tag","embeddable":true,"href":"https:\/\/streetmarkets.fr\/app\/wp-json\/wp\/v2\/product_tag?post=1770747"}],"curies":[{"name":"wp","href":"https:\/\/api.w.org\/{rel}","templated":true}]}}