{"id":1740400,"date":"2025-04-19T01:54:42","date_gmt":"2025-04-18T23:54:42","guid":{"rendered":"https:\/\/streetmarkets.fr\/app\/produit\/t-shirt-col-rond-manches-courtes-s25-femme-blanc-2\/"},"modified":"2025-09-28T02:21:39","modified_gmt":"2025-09-28T00:21:39","slug":"t-shirt-col-rond-manches-courtes-s25-femme-blanc-2","status":"publish","type":"product","link":"https:\/\/streetmarkets.fr\/app\/produit\/t-shirt-col-rond-manches-courtes-s25-femme-blanc-2\/","title":{"rendered":"T-shirt Unisexe Col Rond Manches Courtes (S25 \/ FEMME \/ Blanc)"},"content":{"rendered":"<p>R\u00e9servation confirm\u00e9e pour le From Future Hotel ! Avec un col rond et des manches courtes, ce t-shirt en coton se pare d\u2019une signature sur la poitrine et d\u2019un motif au dos. L\u2019alli\u00e9 pour un look d\u00e9contract\u00e9, en vacances ou au quotidien.<\/p>\n<p>&#8211; T-shirt en coton Unisexe<br \/>&#8211; Signature sur le poitrine <br \/>&#8211; Motif &#8220;From Future Hotel&#8221; au dos <br \/>&#8211; Col rond <br \/>&#8211; Manches courtes <br \/>&#8211; Coupe regular<\/p>\n","protected":false},"excerpt":{"rendered":"<p>R\u00e9servation confirm\u00e9e pour le From Future Hotel ! Avec un col rond et des manches courtes, ce t-shirt en coton se pare d\u2019une signature sur la poitrine et d\u2019un motif au dos. L\u2019alli\u00e9 pour un look d\u00e9contract\u00e9, en vacances ou au quotidien. &#8211; T-shirt en coton Unisexe&#8211; Signature sur le poitrine &#8211; Motif &#8220;From Future [&hellip;]<\/p>\n","protected":false},"featured_media":1740401,"comment_status":"open","ping_status":"closed","template":"","meta":[],"product_brand":[6868],"product_cat":[1756,1762],"product_tag":[2244],"acf":[],"_links":{"self":[{"href":"https:\/\/streetmarkets.fr\/app\/wp-json\/wp\/v2\/product\/1740400"}],"collection":[{"href":"https:\/\/streetmarkets.fr\/app\/wp-json\/wp\/v2\/product"}],"about":[{"href":"https:\/\/streetmarkets.fr\/app\/wp-json\/wp\/v2\/types\/product"}],"replies":[{"embeddable":true,"href":"https:\/\/streetmarkets.fr\/app\/wp-json\/wp\/v2\/comments?post=1740400"}],"wp:featuredmedia":[{"embeddable":true,"href":"https:\/\/streetmarkets.fr\/app\/wp-json\/wp\/v2\/media\/1740401"}],"wp:attachment":[{"href":"https:\/\/streetmarkets.fr\/app\/wp-json\/wp\/v2\/media?parent=1740400"}],"wp:term":[{"taxonomy":"product_brand","embeddable":true,"href":"https:\/\/streetmarkets.fr\/app\/wp-json\/wp\/v2\/product_brand?post=1740400"},{"taxonomy":"product_cat","embeddable":true,"href":"https:\/\/streetmarkets.fr\/app\/wp-json\/wp\/v2\/product_cat?post=1740400"},{"taxonomy":"product_tag","embeddable":true,"href":"https:\/\/streetmarkets.fr\/app\/wp-json\/wp\/v2\/product_tag?post=1740400"}],"curies":[{"name":"wp","href":"https:\/\/api.w.org\/{rel}","templated":true}]}}