{"id":1739972,"date":"2025-04-19T00:26:54","date_gmt":"2025-04-18T22:26:54","guid":{"rendered":"https:\/\/streetmarkets.fr\/app\/produit\/cube-ou-boite-en-bois-massif-recycle-plusieurs-disponibles-sempilent-les-uns-sur-les-autres\/"},"modified":"2025-09-01T00:27:03","modified_gmt":"2025-08-31T22:27:03","slug":"cube-ou-boite-en-bois-massif-recycle-plusieurs-disponibles-sempilent-les-uns-sur-les-autres","status":"publish","type":"product","link":"https:\/\/streetmarkets.fr\/app\/produit\/cube-ou-boite-en-bois-massif-recycle-plusieurs-disponibles-sempilent-les-uns-sur-les-autres\/","title":{"rendered":"Cube ou boite en bois massif recycl\u00e9 &#8211; plusieurs disponibles \/ s&#8217;empilent les uns sur les autres"},"content":{"rendered":"<p>Cube ou bo\u00eete en bois recycl\u00e9 massif<br \/>\nMarque Dialma brown (italien d\u00e9signer)<br \/>\nPeinture noire \u00e0 l ext\u00e9rieur<br \/>\nInt\u00e9rieur couleur bois<br \/>\nTaille 47cmx 47 cm au fond<br \/>\nHauteur 30cm et 40cm<br \/>\nPeut servir de rangement unique comme une bo\u00eete<br \/>\nPeut se mettre \u00e0 plusieurs en hauteur ou \u00e0 l horizontale ou en carr\u00e9 et faire une<br \/>\nBibliotheque ou une table basse avec rangement sur les c\u00f4t\u00e9s (id\u00e9al \u00e9tudiant ou petit appart)<br \/>\nTr\u00e8s bonne qualit\u00e9<br \/>\n4 disponibles<br \/>\nPrix achat neuf 90\u20ac le cube. Tr\u00e8s bonne qualit\u00e9<\/p>\n<p>Actuellement en boutique \/ changement de d\u00e9coration \u00e0 venir<\/p>\n<p>&nbsp;<\/p>\n","protected":false},"excerpt":{"rendered":"<p>Cube ou bo\u00eete en bois recycl\u00e9 massif Marque Dialma brown (italien d\u00e9signer) Peinture noire \u00e0 l ext\u00e9rieur Int\u00e9rieur couleur bois Taille 47cmx 47 cm au fond Hauteur 30cm et 40cm Peut servir de rangement unique comme une bo\u00eete Peut se mettre \u00e0 plusieurs en hauteur ou \u00e0 l horizontale ou en carr\u00e9 et faire une [&hellip;]<\/p>\n","protected":false},"featured_media":1739973,"comment_status":"open","ping_status":"closed","template":"","meta":[],"product_brand":[],"product_cat":[],"product_tag":[1810,1813],"acf":[],"_links":{"self":[{"href":"https:\/\/streetmarkets.fr\/app\/wp-json\/wp\/v2\/product\/1739972"}],"collection":[{"href":"https:\/\/streetmarkets.fr\/app\/wp-json\/wp\/v2\/product"}],"about":[{"href":"https:\/\/streetmarkets.fr\/app\/wp-json\/wp\/v2\/types\/product"}],"replies":[{"embeddable":true,"href":"https:\/\/streetmarkets.fr\/app\/wp-json\/wp\/v2\/comments?post=1739972"}],"wp:featuredmedia":[{"embeddable":true,"href":"https:\/\/streetmarkets.fr\/app\/wp-json\/wp\/v2\/media\/1739973"}],"wp:attachment":[{"href":"https:\/\/streetmarkets.fr\/app\/wp-json\/wp\/v2\/media?parent=1739972"}],"wp:term":[{"taxonomy":"product_brand","embeddable":true,"href":"https:\/\/streetmarkets.fr\/app\/wp-json\/wp\/v2\/product_brand?post=1739972"},{"taxonomy":"product_cat","embeddable":true,"href":"https:\/\/streetmarkets.fr\/app\/wp-json\/wp\/v2\/product_cat?post=1739972"},{"taxonomy":"product_tag","embeddable":true,"href":"https:\/\/streetmarkets.fr\/app\/wp-json\/wp\/v2\/product_tag?post=1739972"}],"curies":[{"name":"wp","href":"https:\/\/api.w.org\/{rel}","templated":true}]}}