{"id":1733182,"date":"2025-04-18T02:00:27","date_gmt":"2025-04-18T00:00:27","guid":{"rendered":"https:\/\/streetmarkets.fr\/app\/produit\/t-shirt-col-rond-manches-courtes-s25-femme-washed-black\/"},"modified":"2025-10-02T02:00:27","modified_gmt":"2025-10-02T00:00:27","slug":"t-shirt-col-rond-manches-courtes-s25-femme-washed-black","status":"publish","type":"product","link":"https:\/\/streetmarkets.fr\/app\/produit\/t-shirt-col-rond-manches-courtes-s25-femme-washed-black\/","title":{"rendered":"T-shirt Col Rond Manches Courtes (S25 \/ FEMME \/ Washed Black)"},"content":{"rendered":"<p>Rejoignez le From Future Running Club ! Avec un col rond et des manches courtes, ce t-shirt en coton d\u00e9voile un imprim\u00e9 ensoleill\u00e9, vous invitant \u00e0 vivre la saison en toute l\u00e9g\u00e8ret\u00e9.<\/p>\n<p>&#8211; T-shirt en coton Femme<br \/>\n<br \/>&#8211; Motif &#8220;From Future Running Club&#8221;<br \/>\n<br \/>&#8211; Col rond<br \/>\n<br \/>&#8211; Manches courtes<br \/>\n<br \/>&#8211; Coupe regular<\/p>\n","protected":false},"excerpt":{"rendered":"<p>Rejoignez le From Future Running Club ! Avec un col rond et des manches courtes, ce t-shirt en coton d\u00e9voile un imprim\u00e9 ensoleill\u00e9, vous invitant \u00e0 vivre la saison en toute l\u00e9g\u00e8ret\u00e9. &#8211; T-shirt en coton Femme &#8211; Motif &#8220;From Future Running Club&#8221; &#8211; Col rond &#8211; Manches courtes &#8211; Coupe regular<\/p>\n","protected":false},"featured_media":1733183,"comment_status":"open","ping_status":"closed","template":"","meta":[],"product_brand":[6868],"product_cat":[1756,1762],"product_tag":[2244],"acf":[],"_links":{"self":[{"href":"https:\/\/streetmarkets.fr\/app\/wp-json\/wp\/v2\/product\/1733182"}],"collection":[{"href":"https:\/\/streetmarkets.fr\/app\/wp-json\/wp\/v2\/product"}],"about":[{"href":"https:\/\/streetmarkets.fr\/app\/wp-json\/wp\/v2\/types\/product"}],"replies":[{"embeddable":true,"href":"https:\/\/streetmarkets.fr\/app\/wp-json\/wp\/v2\/comments?post=1733182"}],"wp:featuredmedia":[{"embeddable":true,"href":"https:\/\/streetmarkets.fr\/app\/wp-json\/wp\/v2\/media\/1733183"}],"wp:attachment":[{"href":"https:\/\/streetmarkets.fr\/app\/wp-json\/wp\/v2\/media?parent=1733182"}],"wp:term":[{"taxonomy":"product_brand","embeddable":true,"href":"https:\/\/streetmarkets.fr\/app\/wp-json\/wp\/v2\/product_brand?post=1733182"},{"taxonomy":"product_cat","embeddable":true,"href":"https:\/\/streetmarkets.fr\/app\/wp-json\/wp\/v2\/product_cat?post=1733182"},{"taxonomy":"product_tag","embeddable":true,"href":"https:\/\/streetmarkets.fr\/app\/wp-json\/wp\/v2\/product_tag?post=1733182"}],"curies":[{"name":"wp","href":"https:\/\/api.w.org\/{rel}","templated":true}]}}