{"id":1726743,"date":"2025-04-17T02:15:00","date_gmt":"2025-04-17T00:15:00","guid":{"rendered":"https:\/\/streetmarkets.fr\/app\/produit\/top-bretelles-nao-s25-femme-chocolat\/"},"modified":"2025-10-02T01:59:57","modified_gmt":"2025-10-01T23:59:57","slug":"top-bretelles-nao-s25-femme-chocolat","status":"publish","type":"product","link":"https:\/\/streetmarkets.fr\/app\/produit\/top-bretelles-nao-s25-femme-chocolat\/","title":{"rendered":"Top Bretelles Nao (S25 \/ FEMME \/ Chocolat)"},"content":{"rendered":"<p>&#8211; Top en satin de soie Femme<br \/>\n<br \/>&#8211; Petits n\u0153uds<br \/>\n<br \/>&#8211; D\u00e9collet\u00e9 fronc\u00e9<br \/>\n<br \/>&#8211; Bretelles fines<br \/>\n<br \/>&#8211; Coupe slim<\/p>\n","protected":false},"excerpt":{"rendered":"<p>&#8211; Top en satin de soie Femme &#8211; Petits n\u0153uds &#8211; D\u00e9collet\u00e9 fronc\u00e9 &#8211; Bretelles fines &#8211; Coupe slim<\/p>\n","protected":false},"featured_media":1726744,"comment_status":"open","ping_status":"closed","template":"","meta":[],"product_brand":[6868],"product_cat":[1756,1762],"product_tag":[2244],"acf":[],"_links":{"self":[{"href":"https:\/\/streetmarkets.fr\/app\/wp-json\/wp\/v2\/product\/1726743"}],"collection":[{"href":"https:\/\/streetmarkets.fr\/app\/wp-json\/wp\/v2\/product"}],"about":[{"href":"https:\/\/streetmarkets.fr\/app\/wp-json\/wp\/v2\/types\/product"}],"replies":[{"embeddable":true,"href":"https:\/\/streetmarkets.fr\/app\/wp-json\/wp\/v2\/comments?post=1726743"}],"wp:featuredmedia":[{"embeddable":true,"href":"https:\/\/streetmarkets.fr\/app\/wp-json\/wp\/v2\/media\/1726744"}],"wp:attachment":[{"href":"https:\/\/streetmarkets.fr\/app\/wp-json\/wp\/v2\/media?parent=1726743"}],"wp:term":[{"taxonomy":"product_brand","embeddable":true,"href":"https:\/\/streetmarkets.fr\/app\/wp-json\/wp\/v2\/product_brand?post=1726743"},{"taxonomy":"product_cat","embeddable":true,"href":"https:\/\/streetmarkets.fr\/app\/wp-json\/wp\/v2\/product_cat?post=1726743"},{"taxonomy":"product_tag","embeddable":true,"href":"https:\/\/streetmarkets.fr\/app\/wp-json\/wp\/v2\/product_tag?post=1726743"}],"curies":[{"name":"wp","href":"https:\/\/api.w.org\/{rel}","templated":true}]}}