{"id":1726732,"date":"2025-04-17T02:14:59","date_gmt":"2025-04-17T00:14:59","guid":{"rendered":"https:\/\/streetmarkets.fr\/app\/produit\/top-bretelles-aviva-s25-femme-garden-romance\/"},"modified":"2025-10-02T01:59:57","modified_gmt":"2025-10-01T23:59:57","slug":"top-bretelles-aviva-s25-femme-garden-romance","status":"publish","type":"product","link":"https:\/\/streetmarkets.fr\/app\/produit\/top-bretelles-aviva-s25-femme-garden-romance\/","title":{"rendered":"Top Bretelles Aviva (S25 \/ FEMME \/ Garden Romance)"},"content":{"rendered":"<p>&#8211; Top en satin de soie Femme<br \/>\n<br \/>&#8211; Imprim\u00e9 fleuri<br \/>\n<br \/>&#8211; D\u00e9collet\u00e9 en V<br \/>\n<br \/>&#8211; Bretelles fines<br \/>\n<br \/>&#8211; Liens \u00e0 nouer<br \/>\n<br \/>&#8211; Bandes de dentelle contrast\u00e9es<br \/>\n<br \/>&#8211; Coupe regular<\/p>\n","protected":false},"excerpt":{"rendered":"<p>&#8211; Top en satin de soie Femme &#8211; Imprim\u00e9 fleuri &#8211; D\u00e9collet\u00e9 en V &#8211; Bretelles fines &#8211; Liens \u00e0 nouer &#8211; Bandes de dentelle contrast\u00e9es &#8211; Coupe regular<\/p>\n","protected":false},"featured_media":1726733,"comment_status":"open","ping_status":"closed","template":"","meta":[],"product_brand":[6868],"product_cat":[1756,1762],"product_tag":[2244],"acf":[],"_links":{"self":[{"href":"https:\/\/streetmarkets.fr\/app\/wp-json\/wp\/v2\/product\/1726732"}],"collection":[{"href":"https:\/\/streetmarkets.fr\/app\/wp-json\/wp\/v2\/product"}],"about":[{"href":"https:\/\/streetmarkets.fr\/app\/wp-json\/wp\/v2\/types\/product"}],"replies":[{"embeddable":true,"href":"https:\/\/streetmarkets.fr\/app\/wp-json\/wp\/v2\/comments?post=1726732"}],"wp:featuredmedia":[{"embeddable":true,"href":"https:\/\/streetmarkets.fr\/app\/wp-json\/wp\/v2\/media\/1726733"}],"wp:attachment":[{"href":"https:\/\/streetmarkets.fr\/app\/wp-json\/wp\/v2\/media?parent=1726732"}],"wp:term":[{"taxonomy":"product_brand","embeddable":true,"href":"https:\/\/streetmarkets.fr\/app\/wp-json\/wp\/v2\/product_brand?post=1726732"},{"taxonomy":"product_cat","embeddable":true,"href":"https:\/\/streetmarkets.fr\/app\/wp-json\/wp\/v2\/product_cat?post=1726732"},{"taxonomy":"product_tag","embeddable":true,"href":"https:\/\/streetmarkets.fr\/app\/wp-json\/wp\/v2\/product_tag?post=1726732"}],"curies":[{"name":"wp","href":"https:\/\/api.w.org\/{rel}","templated":true}]}}