{"id":1694950,"date":"2025-04-11T04:30:46","date_gmt":"2025-04-11T02:30:46","guid":{"rendered":"https:\/\/streetmarkets.fr\/app\/produit\/polo-bouclette-epice\/"},"modified":"2026-05-03T04:31:02","modified_gmt":"2026-05-03T02:31:02","slug":"polo-bouclette-epice","status":"publish","type":"product","link":"https:\/\/streetmarkets.fr\/app\/produit\/polo-bouclette-epice\/","title":{"rendered":"Polo bouclette \u00e9pice"},"content":{"rendered":"<p><span>Retrouvez les polos en tissu \u00e9ponge dans une version am\u00e9lior\u00e9e qui garde cependant ses atout. Ils arborent des d\u00e9tails rappelant notre French Touch. Il apportera une touche de couleur n\u00e9cessaire au beaux jours.<\/span><\/p>\n","protected":false},"excerpt":{"rendered":"<p>Retrouvez les polos en tissu \u00e9ponge dans une version am\u00e9lior\u00e9e qui garde cependant ses atout. Ils arborent des d\u00e9tails rappelant notre French Touch. Il apportera une touche de couleur n\u00e9cessaire au beaux jours.<\/p>\n","protected":false},"featured_media":1694951,"comment_status":"open","ping_status":"closed","template":"","meta":[],"product_brand":[],"product_cat":[1756,1758],"product_tag":[1810],"acf":[],"_links":{"self":[{"href":"https:\/\/streetmarkets.fr\/app\/wp-json\/wp\/v2\/product\/1694950"}],"collection":[{"href":"https:\/\/streetmarkets.fr\/app\/wp-json\/wp\/v2\/product"}],"about":[{"href":"https:\/\/streetmarkets.fr\/app\/wp-json\/wp\/v2\/types\/product"}],"replies":[{"embeddable":true,"href":"https:\/\/streetmarkets.fr\/app\/wp-json\/wp\/v2\/comments?post=1694950"}],"wp:featuredmedia":[{"embeddable":true,"href":"https:\/\/streetmarkets.fr\/app\/wp-json\/wp\/v2\/media\/1694951"}],"wp:attachment":[{"href":"https:\/\/streetmarkets.fr\/app\/wp-json\/wp\/v2\/media?parent=1694950"}],"wp:term":[{"taxonomy":"product_brand","embeddable":true,"href":"https:\/\/streetmarkets.fr\/app\/wp-json\/wp\/v2\/product_brand?post=1694950"},{"taxonomy":"product_cat","embeddable":true,"href":"https:\/\/streetmarkets.fr\/app\/wp-json\/wp\/v2\/product_cat?post=1694950"},{"taxonomy":"product_tag","embeddable":true,"href":"https:\/\/streetmarkets.fr\/app\/wp-json\/wp\/v2\/product_tag?post=1694950"}],"curies":[{"name":"wp","href":"https:\/\/api.w.org\/{rel}","templated":true}]}}