{"id":1660606,"date":"2025-04-06T07:30:40","date_gmt":"2025-04-06T05:30:40","guid":{"rendered":"https:\/\/streetmarkets.fr\/app\/produit\/bearbrick-chanel\/"},"modified":"2026-05-12T07:31:54","modified_gmt":"2026-05-12T05:31:54","slug":"bearbrick-chanel","status":"publish","type":"product","link":"https:\/\/streetmarkets.fr\/app\/produit\/bearbrick-chanel\/","title":{"rendered":"Bearbrick Chanel"},"content":{"rendered":"<p class=\"p1\"><span class=\"s1\">Rare, poup\u00e9e Coco Chanel Bearbricks 1000% en \u00e9dition limit\u00e9e, dessin\u00e9e par Karl Lagerfeld en 2006. En plastique moul\u00e9, articul\u00e9e, habill\u00e9e du c\u00e9l\u00e8bre tailleur noir, \u00e9dition Medicom Toy. Elle est num\u00e9rot\u00e9e 0665 et fait 70 cm de hauteur. Il est en tr\u00e8s bon \u00e9tat, quelques rayures d&#8217;usage sont visibles. Voir photos.\u00a0<\/span><\/p>\n<p class=\"p1\"><span class=\"s1\">Le Bearbrick Coco Chanel fait partie de ces collaborations de l\u00e9gende. Cette \u0153uvre d\u2019art propulse l\u2019iconique Coco Chanel dans l&#8217;univers moderne du street art et du design contemporain.<\/span><\/p>\n<p>Il est celui qui a servi \u00e0 d\u00e9corer les vitrines des boutiques Chanel \u00e0 travers le monde. Il repr\u00e9sente Coco Chanel en tailleur et collier de perles. Il n\u2019a jamais \u00e9t\u00e9 mis en vente, juste offert aux meilleurs clients.<\/p>\n<p class=\"p1\"><span class=\"s1\">Les Bearbricks, originaires du Japon, sont des jouets d&#8217;art de cr\u00e9ateurs devenus des objets de collection incontournables. Con\u00e7us par la soci\u00e9t\u00e9 Medicom Toy, ces figurines se caract\u00e9risent par leur forme en ours et leur design minimaliste, offrant ainsi une toile d&#8217;expression parfaite pour les artistes et les cr\u00e9ateurs.<\/span><\/p>\n<p class=\"p1\"><span class=\"s1\">Depuis leur cr\u00e9ation en 2001, les Bearbricks ont transcend\u00e9 leur statut de simples jouets pour devenir de v\u00e9ritables \u0153uvres d&#8217;art contemporain, convoit\u00e9es par les amateurs de design, d\u2019art et de culture pop.<\/span><\/p>\n","protected":false},"excerpt":{"rendered":"<p>Rare, poup\u00e9e Coco Chanel Bearbricks 1000% en \u00e9dition limit\u00e9e, dessin\u00e9e par Karl Lagerfeld en 2006. En plastique moul\u00e9, articul\u00e9e, habill\u00e9e du c\u00e9l\u00e8bre tailleur noir, \u00e9dition Medicom Toy. Elle est num\u00e9rot\u00e9e 0665 et fait 70 cm de hauteur. Il est en tr\u00e8s bon \u00e9tat, quelques rayures d&#8217;usage sont visibles. Voir photos.\u00a0 Le Bearbrick Coco Chanel fait [&hellip;]<\/p>\n","protected":false},"featured_media":1660607,"comment_status":"open","ping_status":"closed","template":"","meta":[],"product_brand":[],"product_cat":[1756,1760],"product_tag":[2122],"acf":[],"_links":{"self":[{"href":"https:\/\/streetmarkets.fr\/app\/wp-json\/wp\/v2\/product\/1660606"}],"collection":[{"href":"https:\/\/streetmarkets.fr\/app\/wp-json\/wp\/v2\/product"}],"about":[{"href":"https:\/\/streetmarkets.fr\/app\/wp-json\/wp\/v2\/types\/product"}],"replies":[{"embeddable":true,"href":"https:\/\/streetmarkets.fr\/app\/wp-json\/wp\/v2\/comments?post=1660606"}],"wp:featuredmedia":[{"embeddable":true,"href":"https:\/\/streetmarkets.fr\/app\/wp-json\/wp\/v2\/media\/1660607"}],"wp:attachment":[{"href":"https:\/\/streetmarkets.fr\/app\/wp-json\/wp\/v2\/media?parent=1660606"}],"wp:term":[{"taxonomy":"product_brand","embeddable":true,"href":"https:\/\/streetmarkets.fr\/app\/wp-json\/wp\/v2\/product_brand?post=1660606"},{"taxonomy":"product_cat","embeddable":true,"href":"https:\/\/streetmarkets.fr\/app\/wp-json\/wp\/v2\/product_cat?post=1660606"},{"taxonomy":"product_tag","embeddable":true,"href":"https:\/\/streetmarkets.fr\/app\/wp-json\/wp\/v2\/product_tag?post=1660606"}],"curies":[{"name":"wp","href":"https:\/\/api.w.org\/{rel}","templated":true}]}}