{"id":1641146,"date":"2025-04-03T06:51:27","date_gmt":"2025-04-03T04:51:27","guid":{"rendered":"https:\/\/streetmarkets.fr\/app\/produit\/liberte-baseball-cap\/"},"modified":"2026-03-16T05:46:16","modified_gmt":"2026-03-16T04:46:16","slug":"liberte-baseball-cap","status":"publish","type":"product","link":"https:\/\/streetmarkets.fr\/app\/produit\/liberte-baseball-cap\/","title":{"rendered":"Libert\u00e9 Baseball Cap"},"content":{"rendered":"<p dir=\"auto\">La<strong> Libert\u00e9 Baseball Cap <\/strong>de<strong> Les Deux <\/strong>se distingue par son <strong>design original<\/strong> et son lettrage de type varsity, apportant une <strong>esth\u00e9tique moderne et dynamique<\/strong>. Fabriqu\u00e9e en 100% coton biologique, cette casquette est \u00e0 la fois confortable et respectueuse de l&#8217;environnement.<\/p>\n<p dir=\"auto\">Elle est dot\u00e9e d&#8217;une <strong>fermeture \u00e0 bouton-pression<\/strong> pour un ajustement simple et rapide. Le motif varsity brod\u00e9 sur le devant et la signature Crew sur le c\u00f4t\u00e9 ajoutent une touche distinctive \u00e0 ce mod\u00e8le. La nuance courb\u00e9e de la visi\u00e8re compl\u00e8te le look, offrant une <strong>protection contre le soleil<\/strong> tout en restant styl\u00e9e.<\/p>\n<p dir=\"auto\">La<strong> Libert\u00e9 Baseball Cap <\/strong>est parfaite pour ceux qui recherchent un accessoire tendance et polyvalent. Portez-la avec un jean et un t-shirt pour un <strong>look d\u00e9contract\u00e9<\/strong>, ou associez-la \u00e0 une tenue plus habill\u00e9e pour une allure urbaine chic. D\u00e9couvrez cette casquette et d&#8217;autres articles de notre collection en visitant notre boutique.<\/p>\n","protected":false},"excerpt":{"rendered":"<p>La Libert\u00e9 Baseball Cap de Les Deux se distingue par son design original et son lettrage de type varsity, apportant une esth\u00e9tique moderne et dynamique. Fabriqu\u00e9e en 100% coton biologique, cette casquette est \u00e0 la fois confortable et respectueuse de l&#8217;environnement. Elle est dot\u00e9e d&#8217;une fermeture \u00e0 bouton-pression pour un ajustement simple et rapide. Le [&hellip;]<\/p>\n","protected":false},"featured_media":1641147,"comment_status":"open","ping_status":"closed","template":"","meta":[],"product_brand":[],"product_cat":[1756,1760],"product_tag":[2244],"acf":[],"_links":{"self":[{"href":"https:\/\/streetmarkets.fr\/app\/wp-json\/wp\/v2\/product\/1641146"}],"collection":[{"href":"https:\/\/streetmarkets.fr\/app\/wp-json\/wp\/v2\/product"}],"about":[{"href":"https:\/\/streetmarkets.fr\/app\/wp-json\/wp\/v2\/types\/product"}],"replies":[{"embeddable":true,"href":"https:\/\/streetmarkets.fr\/app\/wp-json\/wp\/v2\/comments?post=1641146"}],"wp:featuredmedia":[{"embeddable":true,"href":"https:\/\/streetmarkets.fr\/app\/wp-json\/wp\/v2\/media\/1641147"}],"wp:attachment":[{"href":"https:\/\/streetmarkets.fr\/app\/wp-json\/wp\/v2\/media?parent=1641146"}],"wp:term":[{"taxonomy":"product_brand","embeddable":true,"href":"https:\/\/streetmarkets.fr\/app\/wp-json\/wp\/v2\/product_brand?post=1641146"},{"taxonomy":"product_cat","embeddable":true,"href":"https:\/\/streetmarkets.fr\/app\/wp-json\/wp\/v2\/product_cat?post=1641146"},{"taxonomy":"product_tag","embeddable":true,"href":"https:\/\/streetmarkets.fr\/app\/wp-json\/wp\/v2\/product_tag?post=1641146"}],"curies":[{"name":"wp","href":"https:\/\/api.w.org\/{rel}","templated":true}]}}