{"id":1635889,"date":"2025-04-03T00:43:49","date_gmt":"2025-04-02T22:43:49","guid":{"rendered":"https:\/\/streetmarkets.fr\/app\/produit\/brehat-caban-authentique-des-bretonnes\/"},"modified":"2026-05-16T00:42:32","modified_gmt":"2026-05-15T22:42:32","slug":"brehat-caban-authentique-des-bretonnes","status":"publish","type":"product","link":"https:\/\/streetmarkets.fr\/app\/produit\/brehat-caban-authentique-des-bretonnes\/","title":{"rendered":"Br\u00e9hat, Caban authentique des bretonnes"},"content":{"rendered":"<p>Ce caban en 100% laine habille les bretonnes depuis plus de 90 ans. L&#8217;authentique Caban fabriqu\u00e9 par Le Glazik depuis 1928, sp\u00e9cialiste du v\u00eatement marin.<\/p>\n<p style=\"text-align:justify\">L&#8217;authentique Caban femme des bretonnes. Fabriqu\u00e9 par Le Glazik en France depuis 1928.<\/p>\n<p style=\"text-align:justify\">D\u00e9couvrez le caban Br\u00e9hat pour femme, fabriqu\u00e9 en France par la Maison Le Glazik.<\/p>\n<p style=\"text-align:justify\">Ce caban authentique, doubl\u00e9 et confectionn\u00e9 par le sp\u00e9cialiste des v\u00eatements marins \u00e0 Quimper, incarne un produit traditionnel con\u00e7u pour r\u00e9sister \u00e0 l&#8217;\u00e9preuve du temps. Depuis toujours, Le Glazik fabrique ses propres cabans, t\u00e9moignant de son savoir-faire unique.<\/p>\n<p style=\"text-align:justify\">Fabriqu\u00e9 \u00e0 partir d&#8217;un v\u00e9ritable drap de laine d\u00e9perlant, disponible en couleur marine, ce caban conf\u00e8re \u00e0 votre tenue un style inimitable et une qualit\u00e9 irr\u00e9prochable tout en vous maintenant au chaud pendant l&#8217;hiver. Sa coupe contribuent \u00e0 maintenir une silhouette \u00e9l\u00e9gante.<\/p>\n<p style=\"text-align:justify\">Reconnaissable \u00e0 son col tailleur, \u00e0 sa fermeture crois\u00e9e (gauche sur la droite pour les femmes) et \u00e0 ses poches revers, ce v\u00e9ritable caban se distingue \u00e9galement par sa patte de fermeture avec boutons sous le col, ses boutons en m\u00e9tal orn\u00e9s d&#8217;une ancre marine, son bouton int\u00e9rieur assurant une fermeture parfaite du crois\u00e9, ainsi que sa poche int\u00e9rieure zipp\u00e9e pour s\u00e9curiser vos effets personnels. Toutes ces caract\u00e9ristiques sont h\u00e9rit\u00e9es des besoins des marins, adapt\u00e9es et r\u00e9interpr\u00e9t\u00e9es (comme la taille de la poche int\u00e9rieure zipp\u00e9e pour accueillir un smartphone).<\/p>\n<p style=\"text-align:justify\">Le drap en laine imperm\u00e9abilis\u00e9 de ce caban vous accompagnera pendant de nombreuses ann\u00e9es, et vous aurez plaisir \u00e0 le retrouver dans votre garde-robe saison apr\u00e8s saison. En tant que fleuron de la Maison Le Glazik, ce caban Made in France s&#8217;inscrit naturellement dans la mode durable, une valeur qui fait partie int\u00e9grante de la marque depuis 1928, comme en t\u00e9moigne son slogan &#8220;Le temps passera, Le Glazik tiendra !&#8221;.<\/p>\n<p style=\"text-align:justify\">Accessoiris\u00e9 avec soin, ce caban vous permettra d&#8217;adopter un style classique et \u00e9l\u00e9gant tout en restant tendance : avec Le Glazik, l&#8217;\u00e9l\u00e9gance est de mise !<\/p>\n<p style=\"text-align:justify\">\n<p style=\"text-align:justify\">\n<p style=\"text-align:justify\">\n<h3>Composition<\/h3>\n<p>Drap <span style=\"text-decoration:underline\">d\u00e9perlant<\/span><\/p>\n<p>80% Laine<br \/>20% Polyamide <\/p>\n<p><strong>Doublure<\/strong> : 100% polyester<\/p>\n<h3><\/h3>\n","protected":false},"excerpt":{"rendered":"<p>Ce caban en 100% laine habille les bretonnes depuis plus de 90 ans. L&#8217;authentique Caban fabriqu\u00e9 par Le Glazik depuis 1928, sp\u00e9cialiste du v\u00eatement marin. L&#8217;authentique Caban femme des bretonnes. Fabriqu\u00e9 par Le Glazik en France depuis 1928. D\u00e9couvrez le caban Br\u00e9hat pour femme, fabriqu\u00e9 en France par la Maison Le Glazik. Ce caban authentique, [&hellip;]<\/p>\n","protected":false},"featured_media":1635890,"comment_status":"open","ping_status":"closed","template":"","meta":[],"product_brand":[],"product_cat":[1756,1762],"product_tag":[1810,1813],"acf":[],"_links":{"self":[{"href":"https:\/\/streetmarkets.fr\/app\/wp-json\/wp\/v2\/product\/1635889"}],"collection":[{"href":"https:\/\/streetmarkets.fr\/app\/wp-json\/wp\/v2\/product"}],"about":[{"href":"https:\/\/streetmarkets.fr\/app\/wp-json\/wp\/v2\/types\/product"}],"replies":[{"embeddable":true,"href":"https:\/\/streetmarkets.fr\/app\/wp-json\/wp\/v2\/comments?post=1635889"}],"wp:featuredmedia":[{"embeddable":true,"href":"https:\/\/streetmarkets.fr\/app\/wp-json\/wp\/v2\/media\/1635890"}],"wp:attachment":[{"href":"https:\/\/streetmarkets.fr\/app\/wp-json\/wp\/v2\/media?parent=1635889"}],"wp:term":[{"taxonomy":"product_brand","embeddable":true,"href":"https:\/\/streetmarkets.fr\/app\/wp-json\/wp\/v2\/product_brand?post=1635889"},{"taxonomy":"product_cat","embeddable":true,"href":"https:\/\/streetmarkets.fr\/app\/wp-json\/wp\/v2\/product_cat?post=1635889"},{"taxonomy":"product_tag","embeddable":true,"href":"https:\/\/streetmarkets.fr\/app\/wp-json\/wp\/v2\/product_tag?post=1635889"}],"curies":[{"name":"wp","href":"https:\/\/api.w.org\/{rel}","templated":true}]}}