{"id":1625273,"date":"2025-03-31T06:51:22","date_gmt":"2025-03-31T04:51:22","guid":{"rendered":"https:\/\/streetmarkets.fr\/app\/produit\/rune-3-pack-sock-giftbox\/"},"modified":"2026-03-16T05:46:15","modified_gmt":"2026-03-16T04:46:15","slug":"rune-3-pack-sock-giftbox","status":"publish","type":"product","link":"https:\/\/streetmarkets.fr\/app\/produit\/rune-3-pack-sock-giftbox\/","title":{"rendered":"Rune 3-Pack Sock Giftbox"},"content":{"rendered":"<p><!--td {border: 1px solid #cccccc;}br {mso-data-placement:same-cell;}--><\/p>\n<p><span data-sheets-root=\"1\">D\u00e9couvrez le coffret cadeau <strong>Rune 3-Pack Sock Giftbox<\/strong> de Selected, compos\u00e9 de trois paires de chaussettes en coton de qualit\u00e9.\u00a0<\/p>\n<p>Ce coffret vous offre une <strong>vari\u00e9t\u00e9 de styles<\/strong>, avec:<\/span><\/p>\n<ul>\n<li><span data-sheets-root=\"1\">une paire bleu fonc\u00e9 \u00e0 pois doubles beige et blanc pour une touche classique, <\/span><\/li>\n<li><span data-sheets-root=\"1\">une autre paire en bleu fonc\u00e9 orn\u00e9e d&#8217;un jacquard beige et orange pour un look sophistiqu\u00e9, <\/span><\/li>\n<li><span data-sheets-root=\"1\">une paire orange unie pour une option color\u00e9e et moderne. <\/span><\/li>\n<\/ul>\n<p><span data-sheets-root=\"1\">Ces chaussettes sont confortables et \u00e9l\u00e9gantes, parfaites pour toutes les occasions. Ajoutez une touche de style \u00e0 votre tenue quotidienne avec le <strong>coffret cadeau Rune<\/strong> de <strong>Selected<\/strong>.\u00a0<\/span><\/p>\n","protected":false},"excerpt":{"rendered":"<p>D\u00e9couvrez le coffret cadeau Rune 3-Pack Sock Giftbox de Selected, compos\u00e9 de trois paires de chaussettes en coton de qualit\u00e9.\u00a0 Ce coffret vous offre une vari\u00e9t\u00e9 de styles, avec: une paire bleu fonc\u00e9 \u00e0 pois doubles beige et blanc pour une touche classique, une autre paire en bleu fonc\u00e9 orn\u00e9e d&#8217;un jacquard beige et orange [&hellip;]<\/p>\n","protected":false},"featured_media":1625274,"comment_status":"open","ping_status":"closed","template":"","meta":[],"product_brand":[],"product_cat":[1756,1760],"product_tag":[2244],"acf":[],"_links":{"self":[{"href":"https:\/\/streetmarkets.fr\/app\/wp-json\/wp\/v2\/product\/1625273"}],"collection":[{"href":"https:\/\/streetmarkets.fr\/app\/wp-json\/wp\/v2\/product"}],"about":[{"href":"https:\/\/streetmarkets.fr\/app\/wp-json\/wp\/v2\/types\/product"}],"replies":[{"embeddable":true,"href":"https:\/\/streetmarkets.fr\/app\/wp-json\/wp\/v2\/comments?post=1625273"}],"wp:featuredmedia":[{"embeddable":true,"href":"https:\/\/streetmarkets.fr\/app\/wp-json\/wp\/v2\/media\/1625274"}],"wp:attachment":[{"href":"https:\/\/streetmarkets.fr\/app\/wp-json\/wp\/v2\/media?parent=1625273"}],"wp:term":[{"taxonomy":"product_brand","embeddable":true,"href":"https:\/\/streetmarkets.fr\/app\/wp-json\/wp\/v2\/product_brand?post=1625273"},{"taxonomy":"product_cat","embeddable":true,"href":"https:\/\/streetmarkets.fr\/app\/wp-json\/wp\/v2\/product_cat?post=1625273"},{"taxonomy":"product_tag","embeddable":true,"href":"https:\/\/streetmarkets.fr\/app\/wp-json\/wp\/v2\/product_tag?post=1625273"}],"curies":[{"name":"wp","href":"https:\/\/api.w.org\/{rel}","templated":true}]}}