{"id":1605415,"date":"2025-03-29T01:08:55","date_gmt":"2025-03-29T00:08:55","guid":{"rendered":"https:\/\/streetmarkets.fr\/app\/produit\/nouveau-rouje-paris-top-deloula-uni-anis\/"},"modified":"2026-05-02T01:59:47","modified_gmt":"2026-05-01T23:59:47","slug":"nouveau-rouje-paris-top-deloula-uni-anis","status":"publish","type":"product","link":"https:\/\/streetmarkets.fr\/app\/produit\/nouveau-rouje-paris-top-deloula-uni-anis\/","title":{"rendered":"ROUJE PARIS Top Deloula Uni Anis -50%"},"content":{"rendered":"<p data-rte-preserve-empty=\"true\">Top en soie et dentelle, bordure en dentelle sur le d\u00e9collet\u00e9 ton sur ton, fines bretelles ajustables, petite broderie dans le dos.<\/p>\n<p data-rte-preserve-empty=\"true\">D\u00e9tail : 100% soie<\/p>\n","protected":false},"excerpt":{"rendered":"<p>Top en soie et dentelle, bordure en dentelle sur le d\u00e9collet\u00e9 ton sur ton, fines bretelles ajustables, petite broderie dans le dos. D\u00e9tail : 100% soie<\/p>\n","protected":false},"featured_media":1605416,"comment_status":"open","ping_status":"closed","template":"","meta":[],"product_brand":[],"product_cat":[1756,1762],"product_tag":[2244],"acf":[],"_links":{"self":[{"href":"https:\/\/streetmarkets.fr\/app\/wp-json\/wp\/v2\/product\/1605415"}],"collection":[{"href":"https:\/\/streetmarkets.fr\/app\/wp-json\/wp\/v2\/product"}],"about":[{"href":"https:\/\/streetmarkets.fr\/app\/wp-json\/wp\/v2\/types\/product"}],"replies":[{"embeddable":true,"href":"https:\/\/streetmarkets.fr\/app\/wp-json\/wp\/v2\/comments?post=1605415"}],"wp:featuredmedia":[{"embeddable":true,"href":"https:\/\/streetmarkets.fr\/app\/wp-json\/wp\/v2\/media\/1605416"}],"wp:attachment":[{"href":"https:\/\/streetmarkets.fr\/app\/wp-json\/wp\/v2\/media?parent=1605415"}],"wp:term":[{"taxonomy":"product_brand","embeddable":true,"href":"https:\/\/streetmarkets.fr\/app\/wp-json\/wp\/v2\/product_brand?post=1605415"},{"taxonomy":"product_cat","embeddable":true,"href":"https:\/\/streetmarkets.fr\/app\/wp-json\/wp\/v2\/product_cat?post=1605415"},{"taxonomy":"product_tag","embeddable":true,"href":"https:\/\/streetmarkets.fr\/app\/wp-json\/wp\/v2\/product_tag?post=1605415"}],"curies":[{"name":"wp","href":"https:\/\/api.w.org\/{rel}","templated":true}]}}