{"id":1585288,"date":"2025-03-26T01:06:00","date_gmt":"2025-03-26T00:06:00","guid":{"rendered":"https:\/\/streetmarkets.fr\/app\/produit\/nouveau-laurence-bras-veste-tonquin-red\/"},"modified":"2026-03-18T00:59:38","modified_gmt":"2026-03-17T23:59:38","slug":"nouveau-laurence-bras-veste-tonquin-red","status":"publish","type":"product","link":"https:\/\/streetmarkets.fr\/app\/produit\/nouveau-laurence-bras-veste-tonquin-red\/","title":{"rendered":"LAURENCE BRAS Veste Tonquin Red -40%"},"content":{"rendered":"<p class=\"\" data-rte-preserve-empty=\"true\">Veste matelass\u00e9e en coton \u00e0 motif floral, coupe droite, encolure arrondie, manches longues, deux poches plaqu\u00e9es sur le devant, fermeture par agrafes. <\/p>\n<p class=\"\" data-rte-preserve-empty=\"true\">\n<p class=\"\" data-rte-preserve-empty=\"true\">D\u00e9tail : 100% coton<\/p>\n","protected":false},"excerpt":{"rendered":"<p>Veste matelass\u00e9e en coton \u00e0 motif floral, coupe droite, encolure arrondie, manches longues, deux poches plaqu\u00e9es sur le devant, fermeture par agrafes. D\u00e9tail : 100% coton<\/p>\n","protected":false},"featured_media":1585289,"comment_status":"open","ping_status":"closed","template":"","meta":[],"product_brand":[],"product_cat":[1756,1762],"product_tag":[2244],"acf":[],"_links":{"self":[{"href":"https:\/\/streetmarkets.fr\/app\/wp-json\/wp\/v2\/product\/1585288"}],"collection":[{"href":"https:\/\/streetmarkets.fr\/app\/wp-json\/wp\/v2\/product"}],"about":[{"href":"https:\/\/streetmarkets.fr\/app\/wp-json\/wp\/v2\/types\/product"}],"replies":[{"embeddable":true,"href":"https:\/\/streetmarkets.fr\/app\/wp-json\/wp\/v2\/comments?post=1585288"}],"wp:featuredmedia":[{"embeddable":true,"href":"https:\/\/streetmarkets.fr\/app\/wp-json\/wp\/v2\/media\/1585289"}],"wp:attachment":[{"href":"https:\/\/streetmarkets.fr\/app\/wp-json\/wp\/v2\/media?parent=1585288"}],"wp:term":[{"taxonomy":"product_brand","embeddable":true,"href":"https:\/\/streetmarkets.fr\/app\/wp-json\/wp\/v2\/product_brand?post=1585288"},{"taxonomy":"product_cat","embeddable":true,"href":"https:\/\/streetmarkets.fr\/app\/wp-json\/wp\/v2\/product_cat?post=1585288"},{"taxonomy":"product_tag","embeddable":true,"href":"https:\/\/streetmarkets.fr\/app\/wp-json\/wp\/v2\/product_tag?post=1585288"}],"curies":[{"name":"wp","href":"https:\/\/api.w.org\/{rel}","templated":true}]}}