{"id":1585240,"date":"2025-03-26T01:01:21","date_gmt":"2025-03-26T00:01:21","guid":{"rendered":"https:\/\/streetmarkets.fr\/app\/produit\/robe-longue-manches-courtes-harper-s25-femme-tropical-raspbe\/"},"modified":"2025-08-17T01:52:27","modified_gmt":"2025-08-16T23:52:27","slug":"robe-longue-manches-courtes-harper-s25-femme-tropical-raspbe","status":"publish","type":"product","link":"https:\/\/streetmarkets.fr\/app\/produit\/robe-longue-manches-courtes-harper-s25-femme-tropical-raspbe\/","title":{"rendered":"Robe Longue Manches Courtes Harper (S25 \/ FEMME \/ Tropical Raspbe)"},"content":{"rendered":"<p>Cette robe longue est rehauss\u00e9e d\u2019une d\u00e9coupe fronc\u00e9e \u00e0 la taille, d\u00e9voilant subtilement la peau. Munie d\u2019un col rond et de manches courtes, elle d\u00e9voile une jupe fendue sur le c\u00f4t\u00e9 pour un tomb\u00e9 audacieux.<\/p>\n<p>&#8211; Robe longue Femme<br \/>\n<br \/>&#8211; D\u00e9coupe fronc\u00e9e<br \/>\n<br \/>&#8211; Col rond<br \/>\n<br \/>&#8211; Manches courtes<br \/>\n<br \/>&#8211; Jupe fendue<br \/>\n<br \/>&#8211; Coupe slim<\/p>\n","protected":false},"excerpt":{"rendered":"<p>Cette robe longue est rehauss\u00e9e d\u2019une d\u00e9coupe fronc\u00e9e \u00e0 la taille, d\u00e9voilant subtilement la peau. Munie d\u2019un col rond et de manches courtes, elle d\u00e9voile une jupe fendue sur le c\u00f4t\u00e9 pour un tomb\u00e9 audacieux. &#8211; Robe longue Femme &#8211; D\u00e9coupe fronc\u00e9e &#8211; Col rond &#8211; Manches courtes &#8211; Jupe fendue &#8211; Coupe slim<\/p>\n","protected":false},"featured_media":1585241,"comment_status":"open","ping_status":"closed","template":"","meta":[],"product_brand":[6868],"product_cat":[1756,1762],"product_tag":[2244],"acf":[],"_links":{"self":[{"href":"https:\/\/streetmarkets.fr\/app\/wp-json\/wp\/v2\/product\/1585240"}],"collection":[{"href":"https:\/\/streetmarkets.fr\/app\/wp-json\/wp\/v2\/product"}],"about":[{"href":"https:\/\/streetmarkets.fr\/app\/wp-json\/wp\/v2\/types\/product"}],"replies":[{"embeddable":true,"href":"https:\/\/streetmarkets.fr\/app\/wp-json\/wp\/v2\/comments?post=1585240"}],"wp:featuredmedia":[{"embeddable":true,"href":"https:\/\/streetmarkets.fr\/app\/wp-json\/wp\/v2\/media\/1585241"}],"wp:attachment":[{"href":"https:\/\/streetmarkets.fr\/app\/wp-json\/wp\/v2\/media?parent=1585240"}],"wp:term":[{"taxonomy":"product_brand","embeddable":true,"href":"https:\/\/streetmarkets.fr\/app\/wp-json\/wp\/v2\/product_brand?post=1585240"},{"taxonomy":"product_cat","embeddable":true,"href":"https:\/\/streetmarkets.fr\/app\/wp-json\/wp\/v2\/product_cat?post=1585240"},{"taxonomy":"product_tag","embeddable":true,"href":"https:\/\/streetmarkets.fr\/app\/wp-json\/wp\/v2\/product_tag?post=1585240"}],"curies":[{"name":"wp","href":"https:\/\/api.w.org\/{rel}","templated":true}]}}