{"id":1568729,"date":"2025-03-22T03:05:40","date_gmt":"2025-03-22T02:05:40","guid":{"rendered":"https:\/\/streetmarkets.fr\/app\/produit\/lazy-ss-tee-5\/"},"modified":"2026-04-29T03:50:29","modified_gmt":"2026-04-29T01:50:29","slug":"lazy-ss-tee-5","status":"publish","type":"product","link":"https:\/\/streetmarkets.fr\/app\/produit\/lazy-ss-tee-5\/","title":{"rendered":"Lazy SS Tee"},"content":{"rendered":"<p style=\"text-align: center\"><strong><span data-sheets-root=\"1\">Les produits St\u00fcssy ne peuvent \u00eatre exp\u00e9di\u00e9s<br \/>Seul le retrait en boutique \u00e0 Paris est possible via le site Internet<\/span><\/strong><\/p>\n<p>Tee-shirt \u00e0 la coupe d\u00e9contract\u00e9e en coton teint dans la masse avec coutures apparentes. Le logo St\u00fcssy est imprim\u00e9 au niveau de la poitrine gauche.<\/p>\n<ul>\n<li>Manches courtes<\/li>\n<li>Col et poignets c\u00f4tel\u00e9s<\/li>\n<li>Coutures cousues \u00e0 l&#8217;int\u00e9rieur\n<\/li>\n<li>Unisexe<\/li>\n<\/ul>\n<p>100% coton<\/p>\n<p>Fabriqu\u00e9 au Vietnam<\/p>\n<p>1140283 2723<\/p>\n","protected":false},"excerpt":{"rendered":"<p>Les produits St\u00fcssy ne peuvent \u00eatre exp\u00e9di\u00e9sSeul le retrait en boutique \u00e0 Paris est possible via le site Internet Tee-shirt \u00e0 la coupe d\u00e9contract\u00e9e en coton teint dans la masse avec coutures apparentes. Le logo St\u00fcssy est imprim\u00e9 au niveau de la poitrine gauche. Manches courtes Col et poignets c\u00f4tel\u00e9s Coutures cousues \u00e0 l&#8217;int\u00e9rieur Unisexe [&hellip;]<\/p>\n","protected":false},"featured_media":1568730,"comment_status":"open","ping_status":"closed","template":"","meta":[],"product_brand":[],"product_cat":[1756,1758],"product_tag":[2244,1811],"acf":[],"_links":{"self":[{"href":"https:\/\/streetmarkets.fr\/app\/wp-json\/wp\/v2\/product\/1568729"}],"collection":[{"href":"https:\/\/streetmarkets.fr\/app\/wp-json\/wp\/v2\/product"}],"about":[{"href":"https:\/\/streetmarkets.fr\/app\/wp-json\/wp\/v2\/types\/product"}],"replies":[{"embeddable":true,"href":"https:\/\/streetmarkets.fr\/app\/wp-json\/wp\/v2\/comments?post=1568729"}],"wp:featuredmedia":[{"embeddable":true,"href":"https:\/\/streetmarkets.fr\/app\/wp-json\/wp\/v2\/media\/1568730"}],"wp:attachment":[{"href":"https:\/\/streetmarkets.fr\/app\/wp-json\/wp\/v2\/media?parent=1568729"}],"wp:term":[{"taxonomy":"product_brand","embeddable":true,"href":"https:\/\/streetmarkets.fr\/app\/wp-json\/wp\/v2\/product_brand?post=1568729"},{"taxonomy":"product_cat","embeddable":true,"href":"https:\/\/streetmarkets.fr\/app\/wp-json\/wp\/v2\/product_cat?post=1568729"},{"taxonomy":"product_tag","embeddable":true,"href":"https:\/\/streetmarkets.fr\/app\/wp-json\/wp\/v2\/product_tag?post=1568729"}],"curies":[{"name":"wp","href":"https:\/\/api.w.org\/{rel}","templated":true}]}}