{"id":1564700,"date":"2025-03-22T01:07:57","date_gmt":"2025-03-22T00:07:57","guid":{"rendered":"https:\/\/streetmarkets.fr\/app\/produit\/pull-col-rond-brushed-s25-femme-fantasy-pink\/"},"modified":"2025-08-27T01:47:54","modified_gmt":"2025-08-26T23:47:54","slug":"pull-col-rond-brushed-s25-femme-fantasy-pink","status":"publish","type":"product","link":"https:\/\/streetmarkets.fr\/app\/produit\/pull-col-rond-brushed-s25-femme-fantasy-pink\/","title":{"rendered":"Pull Col Rond C\u0153ur (S25 \/ FEMME \/ Fantasy Pink)"},"content":{"rendered":"<p>Un c\u0153ur brod\u00e9 &#8220;FUTURE&#8221; orne ce pull tout doux, confectionn\u00e9 en cachemire 4 fils. V\u00e9ritable d\u00e9claration de style, il est muni d\u2019un col rond, des manches longues et des bords c\u00f4tel\u00e9s. \u00c0 associer avec une jupe fluide ou un pantalon de tailleur.<\/p>\n<p>&#8211; Pull doux en cachemire 4 fils certifi\u00e9 GCS\u00ae Femme <br \/>&#8211; C\u0153ur intarsia en cachemire bross\u00e9, brod\u00e9 &#8220;FUTURE&#8221; sur la poitrine <br \/>&#8211; Col rond <br \/>&#8211; Manches longues <br \/>&#8211; Bords c\u00f4tel\u00e9s <br \/>&#8211; Coupe regular <br \/>&#8211; Le Good Cashmere Standard\u00ae (GCS) est une norme ind\u00e9pendante pour un cachemire plus durable et plus responsable. Il vise \u00e0 am\u00e9liorer le bien-\u00eatre des ch\u00e8vres cachemire, les conditions de travail des \u00e9leveurs ainsi qu&#8217;\u00e0 prot\u00e9ger l&#8217;environnement.<\/p>\n","protected":false},"excerpt":{"rendered":"<p>Un c\u0153ur brod\u00e9 &#8220;FUTURE&#8221; orne ce pull tout doux, confectionn\u00e9 en cachemire 4 fils. V\u00e9ritable d\u00e9claration de style, il est muni d\u2019un col rond, des manches longues et des bords c\u00f4tel\u00e9s. \u00c0 associer avec une jupe fluide ou un pantalon de tailleur. &#8211; Pull doux en cachemire 4 fils certifi\u00e9 GCS\u00ae Femme &#8211; C\u0153ur intarsia [&hellip;]<\/p>\n","protected":false},"featured_media":1564701,"comment_status":"open","ping_status":"closed","template":"","meta":[],"product_brand":[6868],"product_cat":[1756,1762],"product_tag":[2244],"acf":[],"_links":{"self":[{"href":"https:\/\/streetmarkets.fr\/app\/wp-json\/wp\/v2\/product\/1564700"}],"collection":[{"href":"https:\/\/streetmarkets.fr\/app\/wp-json\/wp\/v2\/product"}],"about":[{"href":"https:\/\/streetmarkets.fr\/app\/wp-json\/wp\/v2\/types\/product"}],"replies":[{"embeddable":true,"href":"https:\/\/streetmarkets.fr\/app\/wp-json\/wp\/v2\/comments?post=1564700"}],"wp:featuredmedia":[{"embeddable":true,"href":"https:\/\/streetmarkets.fr\/app\/wp-json\/wp\/v2\/media\/1564701"}],"wp:attachment":[{"href":"https:\/\/streetmarkets.fr\/app\/wp-json\/wp\/v2\/media?parent=1564700"}],"wp:term":[{"taxonomy":"product_brand","embeddable":true,"href":"https:\/\/streetmarkets.fr\/app\/wp-json\/wp\/v2\/product_brand?post=1564700"},{"taxonomy":"product_cat","embeddable":true,"href":"https:\/\/streetmarkets.fr\/app\/wp-json\/wp\/v2\/product_cat?post=1564700"},{"taxonomy":"product_tag","embeddable":true,"href":"https:\/\/streetmarkets.fr\/app\/wp-json\/wp\/v2\/product_tag?post=1564700"}],"curies":[{"name":"wp","href":"https:\/\/api.w.org\/{rel}","templated":true}]}}