{"id":1552402,"date":"2025-03-20T01:04:01","date_gmt":"2025-03-20T00:04:01","guid":{"rendered":"https:\/\/streetmarkets.fr\/app\/produit\/jupe-mini-shirel-s25-femme-champagne\/"},"modified":"2025-10-02T01:59:54","modified_gmt":"2025-10-01T23:59:54","slug":"jupe-mini-shirel-s25-femme-champagne","status":"publish","type":"product","link":"https:\/\/streetmarkets.fr\/app\/produit\/jupe-mini-shirel-s25-femme-champagne\/","title":{"rendered":"Jupe Mini Shirel (S25 \/ FEMME \/ Champagne)"},"content":{"rendered":"<p>&#8211; Jupe courte en satin de soie Femme<br \/>\n<br \/>&#8211; Taille \u00e9lastiqu\u00e9e et petit n\u0153ud \u00e0 l&#8217;avant<br \/>\n<br \/>&#8211; \u00c9vas\u00e9e<br \/>\n<br \/>&#8211; Coupe regular<\/p>\n","protected":false},"excerpt":{"rendered":"<p>&#8211; Jupe courte en satin de soie Femme &#8211; Taille \u00e9lastiqu\u00e9e et petit n\u0153ud \u00e0 l&#8217;avant &#8211; \u00c9vas\u00e9e &#8211; Coupe regular<\/p>\n","protected":false},"featured_media":1552403,"comment_status":"open","ping_status":"closed","template":"","meta":[],"product_brand":[6868],"product_cat":[1756,1762],"product_tag":[2244],"acf":[],"_links":{"self":[{"href":"https:\/\/streetmarkets.fr\/app\/wp-json\/wp\/v2\/product\/1552402"}],"collection":[{"href":"https:\/\/streetmarkets.fr\/app\/wp-json\/wp\/v2\/product"}],"about":[{"href":"https:\/\/streetmarkets.fr\/app\/wp-json\/wp\/v2\/types\/product"}],"replies":[{"embeddable":true,"href":"https:\/\/streetmarkets.fr\/app\/wp-json\/wp\/v2\/comments?post=1552402"}],"wp:featuredmedia":[{"embeddable":true,"href":"https:\/\/streetmarkets.fr\/app\/wp-json\/wp\/v2\/media\/1552403"}],"wp:attachment":[{"href":"https:\/\/streetmarkets.fr\/app\/wp-json\/wp\/v2\/media?parent=1552402"}],"wp:term":[{"taxonomy":"product_brand","embeddable":true,"href":"https:\/\/streetmarkets.fr\/app\/wp-json\/wp\/v2\/product_brand?post=1552402"},{"taxonomy":"product_cat","embeddable":true,"href":"https:\/\/streetmarkets.fr\/app\/wp-json\/wp\/v2\/product_cat?post=1552402"},{"taxonomy":"product_tag","embeddable":true,"href":"https:\/\/streetmarkets.fr\/app\/wp-json\/wp\/v2\/product_tag?post=1552402"}],"curies":[{"name":"wp","href":"https:\/\/api.w.org\/{rel}","templated":true}]}}