{"id":1547320,"date":"2025-03-19T00:47:53","date_gmt":"2025-03-18T23:47:53","guid":{"rendered":"https:\/\/streetmarkets.fr\/app\/produit\/sac-bandouliere-lois-fleurs-vertes\/"},"modified":"2026-04-13T01:44:11","modified_gmt":"2026-04-12T23:44:11","slug":"sac-bandouliere-lois-fleurs-vertes","status":"publish","type":"product","link":"https:\/\/streetmarkets.fr\/app\/produit\/sac-bandouliere-lois-fleurs-vertes\/","title":{"rendered":"Sac bandouli\u00e8re Lois fleurs vertes"},"content":{"rendered":"<ul>\n<li>sac bandouli\u00e8re\u00a0<\/li>\n<li>motif <strong>floral<\/strong>\n<\/li>\n<li>en coton cir\u00e9\u00a0\n<\/li>\n<li>pochettes ext\u00e9rieure et int\u00e9rieure\u00a0<\/li>\n<li>fermeture \u00e9clair sur le dessus\u00a0<\/li>\n<li>int\u00e9rieur satin\u00e9\u00a0<span data-mce-fragment=\"1\" style=\"font-size: 0.875rem\">r\u00e9alis\u00e9 \u00e0 partir de bouteilles plastiques <strong>recycl\u00e9es<\/strong><\/span><span style=\"font-size: 0.875rem\"> (certifi\u00e9 <\/span><strong style=\"font-size: 0.875rem\">GRS<\/strong><span style=\"font-size: 0.875rem\">)\u00a0<\/span>\n<\/li>\n<li>dimensions : 24 cm x 18 cm x 4 cm<\/li>\n<li>r\u00e9alis\u00e9 au Vietnam par un atelier de <strong>commerce \u00e9quitable<\/strong> labellis\u00e9 <strong>WFTO<\/strong> (<strong>World Fairtrade Organization<\/strong>)<\/li>\n<li>marque <strong>\u00e9thique<\/strong> \u00e9cossaise <strong>Earth Squared Ltd <\/strong>(membre de la<strong>\u00a0<span>British Association of Fair Trade Shops and Suppliers : BAFTS)<\/span>\u00a0<\/strong>\n<\/li>\n<\/ul>\n","protected":false},"excerpt":{"rendered":"<p>sac bandouli\u00e8re\u00a0 motif floral en coton cir\u00e9\u00a0 pochettes ext\u00e9rieure et int\u00e9rieure\u00a0 fermeture \u00e9clair sur le dessus\u00a0 int\u00e9rieur satin\u00e9\u00a0r\u00e9alis\u00e9 \u00e0 partir de bouteilles plastiques recycl\u00e9es (certifi\u00e9 GRS)\u00a0 dimensions : 24 cm x 18 cm x 4 cm r\u00e9alis\u00e9 au Vietnam par un atelier de commerce \u00e9quitable labellis\u00e9 WFTO (World Fairtrade Organization) marque \u00e9thique \u00e9cossaise Earth Squared [&hellip;]<\/p>\n","protected":false},"featured_media":1547321,"comment_status":"open","ping_status":"closed","template":"","meta":[],"product_brand":[],"product_cat":[1756,1764],"product_tag":[1810,1813],"acf":[],"_links":{"self":[{"href":"https:\/\/streetmarkets.fr\/app\/wp-json\/wp\/v2\/product\/1547320"}],"collection":[{"href":"https:\/\/streetmarkets.fr\/app\/wp-json\/wp\/v2\/product"}],"about":[{"href":"https:\/\/streetmarkets.fr\/app\/wp-json\/wp\/v2\/types\/product"}],"replies":[{"embeddable":true,"href":"https:\/\/streetmarkets.fr\/app\/wp-json\/wp\/v2\/comments?post=1547320"}],"wp:featuredmedia":[{"embeddable":true,"href":"https:\/\/streetmarkets.fr\/app\/wp-json\/wp\/v2\/media\/1547321"}],"wp:attachment":[{"href":"https:\/\/streetmarkets.fr\/app\/wp-json\/wp\/v2\/media?parent=1547320"}],"wp:term":[{"taxonomy":"product_brand","embeddable":true,"href":"https:\/\/streetmarkets.fr\/app\/wp-json\/wp\/v2\/product_brand?post=1547320"},{"taxonomy":"product_cat","embeddable":true,"href":"https:\/\/streetmarkets.fr\/app\/wp-json\/wp\/v2\/product_cat?post=1547320"},{"taxonomy":"product_tag","embeddable":true,"href":"https:\/\/streetmarkets.fr\/app\/wp-json\/wp\/v2\/product_tag?post=1547320"}],"curies":[{"name":"wp","href":"https:\/\/api.w.org\/{rel}","templated":true}]}}