{"id":1547316,"date":"2025-03-19T00:47:52","date_gmt":"2025-03-18T23:47:52","guid":{"rendered":"https:\/\/streetmarkets.fr\/app\/produit\/sac-a-dos-tote-bag-imprime-fleurs-bleu-ciel-en-coton-huile\/"},"modified":"2026-05-11T01:44:08","modified_gmt":"2026-05-10T23:44:08","slug":"sac-a-dos-tote-bag-imprime-fleurs-bleu-ciel-en-coton-huile","status":"publish","type":"product","link":"https:\/\/streetmarkets.fr\/app\/produit\/sac-a-dos-tote-bag-imprime-fleurs-bleu-ciel-en-coton-huile\/","title":{"rendered":"Sac \u00e0 dos tote bag imprim\u00e9 fleurs bleu ciel en coton huil\u00e9"},"content":{"rendered":"<ul>\n<li>sac \u00e0 dos et \/ou tote bag bandouli\u00e8re<\/li>\n<li>motif fleurs blanches sur fond bleu ciel\u00a0<\/li>\n<li>coton huil\u00e9 <strong>imperm\u00e9able<\/strong>\n<\/li>\n<li>poche devant et poche \u00e0 l&#8217;int\u00e9rieur\u00a0avec fermeture \u00e9clair<\/li>\n<li>r\u00e9alis\u00e9 au Vietnam par un atelier de <strong>commerce \u00e9quitable<\/strong> labellis\u00e9 <strong>WFTO<\/strong> (<strong>World Fairtrade Organization<\/strong>)<\/li>\n<li>dimensions : 38 cm x 32 cm x 10 cm<\/li>\n<li>marque <strong>Earth Squared Ltd <\/strong>(membre de la<strong>\u00a0<span>British Association of Fair Trade Shops and Suppliers : BAFTS)<\/span>\u00a0<\/strong>\n<\/li>\n<\/ul>\n","protected":false},"excerpt":{"rendered":"<p>sac \u00e0 dos et \/ou tote bag bandouli\u00e8re motif fleurs blanches sur fond bleu ciel\u00a0 coton huil\u00e9 imperm\u00e9able poche devant et poche \u00e0 l&#8217;int\u00e9rieur\u00a0avec fermeture \u00e9clair r\u00e9alis\u00e9 au Vietnam par un atelier de commerce \u00e9quitable labellis\u00e9 WFTO (World Fairtrade Organization) dimensions : 38 cm x 32 cm x 10 cm marque Earth Squared Ltd (membre [&hellip;]<\/p>\n","protected":false},"featured_media":1547317,"comment_status":"open","ping_status":"closed","template":"","meta":[],"product_brand":[],"product_cat":[1756,1764],"product_tag":[1810,1813],"acf":[],"_links":{"self":[{"href":"https:\/\/streetmarkets.fr\/app\/wp-json\/wp\/v2\/product\/1547316"}],"collection":[{"href":"https:\/\/streetmarkets.fr\/app\/wp-json\/wp\/v2\/product"}],"about":[{"href":"https:\/\/streetmarkets.fr\/app\/wp-json\/wp\/v2\/types\/product"}],"replies":[{"embeddable":true,"href":"https:\/\/streetmarkets.fr\/app\/wp-json\/wp\/v2\/comments?post=1547316"}],"wp:featuredmedia":[{"embeddable":true,"href":"https:\/\/streetmarkets.fr\/app\/wp-json\/wp\/v2\/media\/1547317"}],"wp:attachment":[{"href":"https:\/\/streetmarkets.fr\/app\/wp-json\/wp\/v2\/media?parent=1547316"}],"wp:term":[{"taxonomy":"product_brand","embeddable":true,"href":"https:\/\/streetmarkets.fr\/app\/wp-json\/wp\/v2\/product_brand?post=1547316"},{"taxonomy":"product_cat","embeddable":true,"href":"https:\/\/streetmarkets.fr\/app\/wp-json\/wp\/v2\/product_cat?post=1547316"},{"taxonomy":"product_tag","embeddable":true,"href":"https:\/\/streetmarkets.fr\/app\/wp-json\/wp\/v2\/product_tag?post=1547316"}],"curies":[{"name":"wp","href":"https:\/\/api.w.org\/{rel}","templated":true}]}}