{"id":1541381,"date":"2025-03-17T05:51:30","date_gmt":"2025-03-17T04:51:30","guid":{"rendered":"https:\/\/streetmarkets.fr\/app\/produit\/regular-smith-seersucker-trousers\/"},"modified":"2026-03-16T05:45:52","modified_gmt":"2026-03-16T04:45:52","slug":"regular-smith-seersucker-trousers","status":"publish","type":"product","link":"https:\/\/streetmarkets.fr\/app\/produit\/regular-smith-seersucker-trousers\/","title":{"rendered":"Regular Smith Seersucker Trousers"},"content":{"rendered":"<p><span data-sheets-root=\"1\" data-sheets-value=\"{&quot;1&quot;:2,&quot;2&quot;:&quot;\u00c9levez votre style pour vos mariages pendant la p\u00e9riode estival avec le pantalon Reg Smith Seersucker de SELECTED. Confectionn\u00e9 en 100 % coton, ce pantalon sur mesure offre une sensation de l\u00e9g\u00e8ret\u00e9 et de respirabilit\u00e9, id\u00e9ale pour la saison chaude. La texture unique du seersucker ajoute une touche de sophistication \u00e0 votre tenue.\\n\\nCe pantalon int\u00e8gre des d\u00e9tails raffin\u00e9s que vous appr\u00e9cierez, notamment les plis centraux marqu\u00e9s et les boutons. La taille mi-haute et la braguette zipp\u00e9e avec fermeture par crochet et \u0153illet assurent un ajustement parfait. Il dispose \u00e9galement de poches lat\u00e9rales pratiques et de poches arri\u00e8re boutonn\u00e9es, ajoutant une dimension fonctionnelle \u00e0 son design \u00e9l\u00e9gant.\\n\\nAssociez ce pantalon avec le Reg Smith Seersucker Blz assorti, une chemise en lin et des chaussures en cuir pour un look complet et unique. Parfait pour un \u00e9v\u00e9nement formel ou une sortie d\u00e9contract\u00e9e, ce pantalon seersucker s'adapte \u00e0 toutes les occasions.\\n\\nDisponible d\u00e8s maintenant dans notre boutique Harold \u00e0 Paris et sur notre site internet, le pantalon Reg Smith Seersucker est un choix id\u00e9al pour une garde-robe estivale \u00e9l\u00e9gante.&quot;}\" data-sheets-userformat='{\"2\":897,\"3\":{\"1\":0},\"10\":1,\"11\":4,\"12\":0}'>\u00c9levez votre style pour vos <strong>mariages<\/strong> pendant la p\u00e9riode <strong>estival<\/strong> avec le <strong>pantalon Reg Smith Seersucker Trousers<\/strong> de <strong>Selected<\/strong>. Confectionn\u00e9 en 100% coton, ce <strong>pantalon de costume<\/strong> offre une sensation de l\u00e9g\u00e8ret\u00e9 et de respirabilit\u00e9, id\u00e9ale pour la saison chaude. La texture unique du <strong>seersucker<\/strong> ajoute une touche <strong>chic<\/strong> \u00e0 votre tenue.<\/p>\n<p>Ce pantalon int\u00e8gre des d\u00e9tails raffin\u00e9s que vous appr\u00e9cierez, notamment les plis centraux marqu\u00e9s et les boutons. La <strong>taille mi-haute<\/strong> et la braguette zipp\u00e9e avec fermeture par crochet et \u0153illet assurent un ajustement parfait. Il dispose \u00e9galement de poches lat\u00e9rales pratiques et de poches arri\u00e8re boutonn\u00e9es, ajoutant une dimension fonctionnelle \u00e0 son <strong>design \u00e9l\u00e9gant<\/strong>.<\/p>\n<p>Associez ce pantalon avec le <strong>Reg Smith Seersucker Blz<\/strong> assorti, une chemise en lin et des chaussures en cuir pour un look complet et unique. Parfait pour un \u00e9v\u00e9nement formel ou une sortie d\u00e9contract\u00e9e, ce pantalon seersucker s&#8217;adapte \u00e0 toutes les occasions.<\/p>\n<p>Disponible d\u00e8s maintenant dans notre <strong>boutique Harold \u00e0 Paris<\/strong> et sur notre site internet, le pantalon Reg Smith Seersucker est un choix id\u00e9al pour une garde-robe estivale \u00e9l\u00e9gante.<\/span><\/p>\n<p><!--td {border: 1px solid #cccccc;}br {mso-data-placement:same-cell;}--><\/p>\n","protected":false},"excerpt":{"rendered":"<p>\u00c9levez votre style pour vos mariages pendant la p\u00e9riode estival avec le pantalon Reg Smith Seersucker Trousers de Selected. Confectionn\u00e9 en 100% coton, ce pantalon de costume offre une sensation de l\u00e9g\u00e8ret\u00e9 et de respirabilit\u00e9, id\u00e9ale pour la saison chaude. La texture unique du seersucker ajoute une touche chic \u00e0 votre tenue. Ce pantalon int\u00e8gre [&hellip;]<\/p>\n","protected":false},"featured_media":1541382,"comment_status":"open","ping_status":"closed","template":"","meta":[],"product_brand":[],"product_cat":[1756,1758],"product_tag":[2244],"acf":[],"_links":{"self":[{"href":"https:\/\/streetmarkets.fr\/app\/wp-json\/wp\/v2\/product\/1541381"}],"collection":[{"href":"https:\/\/streetmarkets.fr\/app\/wp-json\/wp\/v2\/product"}],"about":[{"href":"https:\/\/streetmarkets.fr\/app\/wp-json\/wp\/v2\/types\/product"}],"replies":[{"embeddable":true,"href":"https:\/\/streetmarkets.fr\/app\/wp-json\/wp\/v2\/comments?post=1541381"}],"wp:featuredmedia":[{"embeddable":true,"href":"https:\/\/streetmarkets.fr\/app\/wp-json\/wp\/v2\/media\/1541382"}],"wp:attachment":[{"href":"https:\/\/streetmarkets.fr\/app\/wp-json\/wp\/v2\/media?parent=1541381"}],"wp:term":[{"taxonomy":"product_brand","embeddable":true,"href":"https:\/\/streetmarkets.fr\/app\/wp-json\/wp\/v2\/product_brand?post=1541381"},{"taxonomy":"product_cat","embeddable":true,"href":"https:\/\/streetmarkets.fr\/app\/wp-json\/wp\/v2\/product_cat?post=1541381"},{"taxonomy":"product_tag","embeddable":true,"href":"https:\/\/streetmarkets.fr\/app\/wp-json\/wp\/v2\/product_tag?post=1541381"}],"curies":[{"name":"wp","href":"https:\/\/api.w.org\/{rel}","templated":true}]}}