{"id":1541351,"date":"2025-03-17T05:51:28","date_gmt":"2025-03-17T04:51:28","guid":{"rendered":"https:\/\/streetmarkets.fr\/app\/produit\/slim-miles-flex-short\/"},"modified":"2026-03-16T05:45:51","modified_gmt":"2026-03-16T04:45:51","slug":"slim-miles-flex-short","status":"publish","type":"product","link":"https:\/\/streetmarkets.fr\/app\/produit\/slim-miles-flex-short\/","title":{"rendered":"Slim Miles Flex Short"},"content":{"rendered":"<p><!--td {border: 1px solid #cccccc;}br {mso-data-placement:same-cell;}--><\/p>\n<p><span data-sheets-userformat='{\"2\":769,\"3\":{\"1\":0},\"11\":4,\"12\":0}' data-sheets-value=\"{&quot;1&quot;:2,&quot;2&quot;:&quot;D\u00e9couvrez les Slim Miles Flex Shorts disponibles dans les teintes Greige, Sky Captain et Forest Night. Ces shorts chino offrent le mariage parfait entre style sophistiqu\u00e9 et confort optimal, id\u00e9al pour les journ\u00e9es chaudes. \\n\\nFabriqu\u00e9s en coton biologique, ils sont doux et l\u00e9gers, garantissant une sensation de fra\u00eecheur tout au long de la journ\u00e9e. Dot\u00e9s d'une taille mi-haute et d'une braguette zipp\u00e9e avec fermeture \u00e0 bouton rivet, ces shorts offrent un ajustement parfait. \\n\\nLes passants de ceinture et les poches lat\u00e9rales fendues ajoutent une touche pratique \u00e0 leur design. Leur coupe slim assure une silhouette \u00e9l\u00e9gante et moderne. Associez-les avec une chemise \u00e0 carreaux et des chaussures de sport pour un look d\u00e9contract\u00e9 et raffin\u00e9. \\n\\nOptez pour le confort et l'\u00e9l\u00e9gance avec les Slim Miles Flex Shorts, tout en contribuant \u00e0 pr\u00e9server l'environnement gr\u00e2ce au coton biologique utilis\u00e9 dans leur fabrication.&quot;}\" data-sheets-root=\"1\">D\u00e9couvrez le <strong>Slim Miles Flex Shorts<\/strong> disponible dans les teintes Greige, Sky Captain et Forest Night. Ce <strong>short chino<\/strong> offre le mariage parfait entre <strong>style sophistiqu\u00e9 et confort optimal<\/strong>, id\u00e9al pour les journ\u00e9es chaudes.\u00a0<\/p>\n<p>Fabriqu\u00e9s en <strong>coton biologique<\/strong>, il est doux et l\u00e9ger, garantissant une sensation de fra\u00eecheur tout au long de la journ\u00e9e. Dot\u00e9 d&#8217;une <strong>taille mi-haute<\/strong> et d&#8217;une braguette zipp\u00e9e avec fermeture \u00e0 bouton rivet, ce short offre un ajustement parfait.\u00a0<\/p>\n<p>Les passants de ceinture et les poches lat\u00e9rales fendues ajoutent une touche pratique \u00e0 son design. Sa coupe slim assure une <strong>silhouette \u00e9l\u00e9gante et moderne<\/strong>. Associez-le \u00e0 une chemise \u00e0 carreaux et des chaussures de sport pour un <strong>look d\u00e9contract\u00e9 et raffin\u00e9<\/strong>. <\/p>\n<p>Optez pour le confort et l&#8217;\u00e9l\u00e9gance avec le <strong>Slim Miles Flex Short<\/strong>, \u00e0 retrouver d\u00e8s maintenant dans notre <strong>boutique<\/strong> pour homme <strong>Harold<\/strong> : 32 rue des Blancs Manteaux, 75004 Paris.<\/span><\/p>\n","protected":false},"excerpt":{"rendered":"<p>D\u00e9couvrez le Slim Miles Flex Shorts disponible dans les teintes Greige, Sky Captain et Forest Night. Ce short chino offre le mariage parfait entre style sophistiqu\u00e9 et confort optimal, id\u00e9al pour les journ\u00e9es chaudes.\u00a0 Fabriqu\u00e9s en coton biologique, il est doux et l\u00e9ger, garantissant une sensation de fra\u00eecheur tout au long de la journ\u00e9e. Dot\u00e9 [&hellip;]<\/p>\n","protected":false},"featured_media":1541352,"comment_status":"open","ping_status":"closed","template":"","meta":[],"product_brand":[],"product_cat":[1756,1758],"product_tag":[2244],"acf":[],"_links":{"self":[{"href":"https:\/\/streetmarkets.fr\/app\/wp-json\/wp\/v2\/product\/1541351"}],"collection":[{"href":"https:\/\/streetmarkets.fr\/app\/wp-json\/wp\/v2\/product"}],"about":[{"href":"https:\/\/streetmarkets.fr\/app\/wp-json\/wp\/v2\/types\/product"}],"replies":[{"embeddable":true,"href":"https:\/\/streetmarkets.fr\/app\/wp-json\/wp\/v2\/comments?post=1541351"}],"wp:featuredmedia":[{"embeddable":true,"href":"https:\/\/streetmarkets.fr\/app\/wp-json\/wp\/v2\/media\/1541352"}],"wp:attachment":[{"href":"https:\/\/streetmarkets.fr\/app\/wp-json\/wp\/v2\/media?parent=1541351"}],"wp:term":[{"taxonomy":"product_brand","embeddable":true,"href":"https:\/\/streetmarkets.fr\/app\/wp-json\/wp\/v2\/product_brand?post=1541351"},{"taxonomy":"product_cat","embeddable":true,"href":"https:\/\/streetmarkets.fr\/app\/wp-json\/wp\/v2\/product_cat?post=1541351"},{"taxonomy":"product_tag","embeddable":true,"href":"https:\/\/streetmarkets.fr\/app\/wp-json\/wp\/v2\/product_tag?post=1541351"}],"curies":[{"name":"wp","href":"https:\/\/api.w.org\/{rel}","templated":true}]}}