{"id":1541016,"date":"2025-03-17T05:50:08","date_gmt":"2025-03-17T04:50:08","guid":{"rendered":"https:\/\/streetmarkets.fr\/app\/produit\/regular-leroy-pleat-shorts\/"},"modified":"2026-03-16T05:45:50","modified_gmt":"2026-03-16T04:45:50","slug":"regular-leroy-pleat-shorts","status":"publish","type":"product","link":"https:\/\/streetmarkets.fr\/app\/produit\/regular-leroy-pleat-shorts\/","title":{"rendered":"Regular Leroy Pleat Shorts"},"content":{"rendered":"<p data-start=\"49\" data-end=\"351\">Parfait pour les beaux jours, le <strong data-start=\"82\" data-end=\"112\">Regular Leroy Pleat Shorts<\/strong> de <strong data-start=\"116\" data-end=\"128\">S\u00e9lected<\/strong> allie <strong data-start=\"135\" data-end=\"171\">confort et \u00e9l\u00e9gance d\u00e9contract\u00e9e<\/strong>. Confectionn\u00e9 dans une coupe <strong data-start=\"201\" data-end=\"224\">classique et fluide<\/strong>, il se distingue par sa <strong data-start=\"249\" data-end=\"268\">taille mi-haute<\/strong>, ajustable gr\u00e2ce \u00e0 un <strong data-start=\"291\" data-end=\"312\">cordon de serrage<\/strong>, garantissant un ajustement optimal.<\/p>\n<p data-start=\"353\" data-end=\"656\">Dot\u00e9 de <strong data-start=\"361\" data-end=\"385\">passants de ceinture<\/strong>, de <strong data-start=\"390\" data-end=\"419\">poches lat\u00e9rales en biais<\/strong> et de <strong data-start=\"426\" data-end=\"455\">poches arri\u00e8re boutonn\u00e9es<\/strong>, il offre un \u00e9quilibre parfait entre praticit\u00e9 et style. Id\u00e9al pour un look printanier, il se porte facilement avec un <strong data-start=\"575\" data-end=\"594\">T-shirt imprim\u00e9<\/strong>, des <strong data-start=\"600\" data-end=\"619\">baskets en cuir<\/strong> et une <strong data-start=\"627\" data-end=\"653\">chemise en denim<\/strong>.<\/p>\n<p data-start=\"658\" data-end=\"704\" data-is-last-node=\"\" data-is-only-node=\"\">\ud83d\udccd <strong data-start=\"661\" data-end=\"703\">Disponible chez Harold \u2013 Paris, Marais<\/strong>.<\/p>\n","protected":false},"excerpt":{"rendered":"<p>Parfait pour les beaux jours, le Regular Leroy Pleat Shorts de S\u00e9lected allie confort et \u00e9l\u00e9gance d\u00e9contract\u00e9e. Confectionn\u00e9 dans une coupe classique et fluide, il se distingue par sa taille mi-haute, ajustable gr\u00e2ce \u00e0 un cordon de serrage, garantissant un ajustement optimal. Dot\u00e9 de passants de ceinture, de poches lat\u00e9rales en biais et de poches [&hellip;]<\/p>\n","protected":false},"featured_media":1541017,"comment_status":"open","ping_status":"closed","template":"","meta":[],"product_brand":[],"product_cat":[1756,1758],"product_tag":[2244],"acf":[],"_links":{"self":[{"href":"https:\/\/streetmarkets.fr\/app\/wp-json\/wp\/v2\/product\/1541016"}],"collection":[{"href":"https:\/\/streetmarkets.fr\/app\/wp-json\/wp\/v2\/product"}],"about":[{"href":"https:\/\/streetmarkets.fr\/app\/wp-json\/wp\/v2\/types\/product"}],"replies":[{"embeddable":true,"href":"https:\/\/streetmarkets.fr\/app\/wp-json\/wp\/v2\/comments?post=1541016"}],"wp:featuredmedia":[{"embeddable":true,"href":"https:\/\/streetmarkets.fr\/app\/wp-json\/wp\/v2\/media\/1541017"}],"wp:attachment":[{"href":"https:\/\/streetmarkets.fr\/app\/wp-json\/wp\/v2\/media?parent=1541016"}],"wp:term":[{"taxonomy":"product_brand","embeddable":true,"href":"https:\/\/streetmarkets.fr\/app\/wp-json\/wp\/v2\/product_brand?post=1541016"},{"taxonomy":"product_cat","embeddable":true,"href":"https:\/\/streetmarkets.fr\/app\/wp-json\/wp\/v2\/product_cat?post=1541016"},{"taxonomy":"product_tag","embeddable":true,"href":"https:\/\/streetmarkets.fr\/app\/wp-json\/wp\/v2\/product_tag?post=1541016"}],"curies":[{"name":"wp","href":"https:\/\/api.w.org\/{rel}","templated":true}]}}