{"id":1493237,"date":"2025-03-10T00:48:17","date_gmt":"2025-03-09T23:48:17","guid":{"rendered":"https:\/\/streetmarkets.fr\/app\/produit\/jupe-anemone-en-jersey-de-coton-bio\/"},"modified":"2026-05-09T01:43:59","modified_gmt":"2026-05-08T23:43:59","slug":"jupe-anemone-en-jersey-de-coton-bio","status":"publish","type":"product","link":"https:\/\/streetmarkets.fr\/app\/produit\/jupe-anemone-en-jersey-de-coton-bio\/","title":{"rendered":"Jupe an\u00e9mone en jersey de coton bio"},"content":{"rendered":"<p>\u00a0\u00a0<\/p>\n<ul>\n<li>jupe <strong>rouge<\/strong>\n<\/li>\n<li>fronces \u00e2 la taille\u00a0<\/li>\n<li>poches sur les c\u00f4t\u00e9s\u00a0<\/li>\n<li>en jersey de coton certifi\u00e9\u00a0<strong data-mce-fragment=\"1\">Gots <\/strong>(CU844876)\n<\/li>\n<li>95% <strong>coton bio<\/strong> 5% \u00e9lasthanne<img decoding=\"async\" data-mce-fragment=\"1\" src=\"https:\/\/cdn.shopify.com\/s\/files\/1\/0365\/8730\/7148\/files\/badge-organic-gots_50x50.png?v=1589975978\" alt=\"\">\n<\/li>\n<li>marque <strong>\u00e9thique<\/strong> allemande <strong>Tranquillo\u00a0<\/strong>\n<\/li>\n<\/ul>\n<p>\u00a0<\/p>\n<p><span style=\"font-size: 1.4em\">Coupe f\u00e9minine et tr\u00e8s confortable : c&#8217;est la petite jupe <strong>&#8220;basique&#8221;<\/strong> indispensable pour l&#8217;\u00e9t\u00e9 \u00e0 coordonner avec les tops <strong>fleuris<\/strong> en <strong>coton bio<\/strong> ou en <strong>EcoVero<\/strong> de la collection \ud83c\udf38<\/span><strong><span style=\"font-size: 1.4em\">\u00a0 \u00a0 \u00a0 \u00a0\u00a0<\/span><\/strong><\/p>\n","protected":false},"excerpt":{"rendered":"<p>\u00a0\u00a0 jupe rouge fronces \u00e2 la taille\u00a0 poches sur les c\u00f4t\u00e9s\u00a0 en jersey de coton certifi\u00e9\u00a0Gots (CU844876) 95% coton bio 5% \u00e9lasthanne marque \u00e9thique allemande Tranquillo\u00a0 \u00a0 Coupe f\u00e9minine et tr\u00e8s confortable : c&#8217;est la petite jupe &#8220;basique&#8221; indispensable pour l&#8217;\u00e9t\u00e9 \u00e0 coordonner avec les tops fleuris en coton bio ou en EcoVero de la [&hellip;]<\/p>\n","protected":false},"featured_media":1493238,"comment_status":"open","ping_status":"closed","template":"","meta":[],"product_brand":[],"product_cat":[1756,1762],"product_tag":[1810],"acf":[],"_links":{"self":[{"href":"https:\/\/streetmarkets.fr\/app\/wp-json\/wp\/v2\/product\/1493237"}],"collection":[{"href":"https:\/\/streetmarkets.fr\/app\/wp-json\/wp\/v2\/product"}],"about":[{"href":"https:\/\/streetmarkets.fr\/app\/wp-json\/wp\/v2\/types\/product"}],"replies":[{"embeddable":true,"href":"https:\/\/streetmarkets.fr\/app\/wp-json\/wp\/v2\/comments?post=1493237"}],"wp:featuredmedia":[{"embeddable":true,"href":"https:\/\/streetmarkets.fr\/app\/wp-json\/wp\/v2\/media\/1493238"}],"wp:attachment":[{"href":"https:\/\/streetmarkets.fr\/app\/wp-json\/wp\/v2\/media?parent=1493237"}],"wp:term":[{"taxonomy":"product_brand","embeddable":true,"href":"https:\/\/streetmarkets.fr\/app\/wp-json\/wp\/v2\/product_brand?post=1493237"},{"taxonomy":"product_cat","embeddable":true,"href":"https:\/\/streetmarkets.fr\/app\/wp-json\/wp\/v2\/product_cat?post=1493237"},{"taxonomy":"product_tag","embeddable":true,"href":"https:\/\/streetmarkets.fr\/app\/wp-json\/wp\/v2\/product_tag?post=1493237"}],"curies":[{"name":"wp","href":"https:\/\/api.w.org\/{rel}","templated":true}]}}