{"id":1492086,"date":"2025-03-09T07:50:35","date_gmt":"2025-03-09T06:50:35","guid":{"rendered":"https:\/\/streetmarkets.fr\/app\/produit\/short-hitam-lin-naturel-my-sayang\/"},"modified":"2026-05-05T08:38:13","modified_gmt":"2026-05-05T06:38:13","slug":"short-hitam-lin-naturel-my-sayang","status":"publish","type":"product","link":"https:\/\/streetmarkets.fr\/app\/produit\/short-hitam-lin-naturel-my-sayang\/","title":{"rendered":"Short Hitam lin naturel &#8211; My Sayang"},"content":{"rendered":"<p>Short en 100% de couleur naturelle avec effet froiss\u00e9.<\/p>\n<p>IL est \u00e9lastiqu\u00e9 \u00e0 la taille avec cordon. \u00a0<\/p>\n<p>Couleur : naturel<\/p>\n<p>. Taille unique correspondant \u00e0 un 36\/38<\/p>\n<p>. Cr\u00e9atrice My Sayang\u00a0<\/p>\n","protected":false},"excerpt":{"rendered":"<p>Short en 100% de couleur naturelle avec effet froiss\u00e9. IL est \u00e9lastiqu\u00e9 \u00e0 la taille avec cordon. \u00a0 Couleur : naturel . Taille unique correspondant \u00e0 un 36\/38 . Cr\u00e9atrice My Sayang\u00a0<\/p>\n","protected":false},"featured_media":1492087,"comment_status":"open","ping_status":"closed","template":"","meta":[],"product_brand":[],"product_cat":[1756,1762],"product_tag":[2244],"acf":[],"_links":{"self":[{"href":"https:\/\/streetmarkets.fr\/app\/wp-json\/wp\/v2\/product\/1492086"}],"collection":[{"href":"https:\/\/streetmarkets.fr\/app\/wp-json\/wp\/v2\/product"}],"about":[{"href":"https:\/\/streetmarkets.fr\/app\/wp-json\/wp\/v2\/types\/product"}],"replies":[{"embeddable":true,"href":"https:\/\/streetmarkets.fr\/app\/wp-json\/wp\/v2\/comments?post=1492086"}],"wp:featuredmedia":[{"embeddable":true,"href":"https:\/\/streetmarkets.fr\/app\/wp-json\/wp\/v2\/media\/1492087"}],"wp:attachment":[{"href":"https:\/\/streetmarkets.fr\/app\/wp-json\/wp\/v2\/media?parent=1492086"}],"wp:term":[{"taxonomy":"product_brand","embeddable":true,"href":"https:\/\/streetmarkets.fr\/app\/wp-json\/wp\/v2\/product_brand?post=1492086"},{"taxonomy":"product_cat","embeddable":true,"href":"https:\/\/streetmarkets.fr\/app\/wp-json\/wp\/v2\/product_cat?post=1492086"},{"taxonomy":"product_tag","embeddable":true,"href":"https:\/\/streetmarkets.fr\/app\/wp-json\/wp\/v2\/product_tag?post=1492086"}],"curies":[{"name":"wp","href":"https:\/\/api.w.org\/{rel}","templated":true}]}}