{"id":1486736,"date":"2025-03-09T00:15:18","date_gmt":"2025-03-08T23:15:18","guid":{"rendered":"https:\/\/streetmarkets.fr\/app\/produit\/enveloppe-ravi-flora-bold-orange\/"},"modified":"2025-11-24T00:15:50","modified_gmt":"2025-11-23T23:15:50","slug":"enveloppe-ravi-flora-bold-orange","status":"publish","type":"product","link":"https:\/\/streetmarkets.fr\/app\/produit\/enveloppe-ravi-flora-bold-orange\/","title":{"rendered":"Enveloppe ravi Flora Bold &#8211; Orange"},"content":{"rendered":"<p>Compacte et jolie, cette petite enveloppe en coton 100 % mesure 10 x 14 cm et rassemble vos essentiels au m\u00eame endroit. Elle se glisse sans effort dans un sac \u00e0 main, une besace ou un sac \u00e0 dos pour retrouver en un clin d\u2019\u0153il vos \u00e9couteurs, petits bijoux ou papiers d\u2019identit\u00e9. Le motif Flora Bold dans une teinte orange apporte une touche solaire, facile \u00e0 accorder. Fabriqu\u00e9e \u00e0 la main, elle a ce charme artisanal qui donne envie de l\u2019utiliser tous les jours. Pratique, l\u00e9g\u00e8re, douce au toucher et suffisamment souple pour s\u2019adapter \u00e0 votre organisation, c\u2019est l\u2019accessoire malin pour garder vos indispensables en s\u00e9curit\u00e9 et bien rang\u00e9s.<\/p>\n","protected":false},"excerpt":{"rendered":"<p>Compacte et jolie, cette petite enveloppe en coton 100 % mesure 10 x 14 cm et rassemble vos essentiels au m\u00eame endroit. Elle se glisse sans effort dans un sac \u00e0 main, une besace ou un sac \u00e0 dos pour retrouver en un clin d\u2019\u0153il vos \u00e9couteurs, petits bijoux ou papiers d\u2019identit\u00e9. Le motif Flora [&hellip;]<\/p>\n","protected":false},"featured_media":1486737,"comment_status":"open","ping_status":"closed","template":"","meta":[],"product_brand":[],"product_cat":[1756,1764],"product_tag":[1810],"acf":[],"_links":{"self":[{"href":"https:\/\/streetmarkets.fr\/app\/wp-json\/wp\/v2\/product\/1486736"}],"collection":[{"href":"https:\/\/streetmarkets.fr\/app\/wp-json\/wp\/v2\/product"}],"about":[{"href":"https:\/\/streetmarkets.fr\/app\/wp-json\/wp\/v2\/types\/product"}],"replies":[{"embeddable":true,"href":"https:\/\/streetmarkets.fr\/app\/wp-json\/wp\/v2\/comments?post=1486736"}],"wp:featuredmedia":[{"embeddable":true,"href":"https:\/\/streetmarkets.fr\/app\/wp-json\/wp\/v2\/media\/1486737"}],"wp:attachment":[{"href":"https:\/\/streetmarkets.fr\/app\/wp-json\/wp\/v2\/media?parent=1486736"}],"wp:term":[{"taxonomy":"product_brand","embeddable":true,"href":"https:\/\/streetmarkets.fr\/app\/wp-json\/wp\/v2\/product_brand?post=1486736"},{"taxonomy":"product_cat","embeddable":true,"href":"https:\/\/streetmarkets.fr\/app\/wp-json\/wp\/v2\/product_cat?post=1486736"},{"taxonomy":"product_tag","embeddable":true,"href":"https:\/\/streetmarkets.fr\/app\/wp-json\/wp\/v2\/product_tag?post=1486736"}],"curies":[{"name":"wp","href":"https:\/\/api.w.org\/{rel}","templated":true}]}}