{"id":1480362,"date":"2025-03-08T00:20:10","date_gmt":"2025-03-07T23:20:10","guid":{"rendered":"https:\/\/streetmarkets.fr\/app\/produit\/chouchou-scrunchie\/"},"modified":"2026-05-06T01:14:53","modified_gmt":"2026-05-05T23:14:53","slug":"chouchou-scrunchie","status":"publish","type":"product","link":"https:\/\/streetmarkets.fr\/app\/produit\/chouchou-scrunchie\/","title":{"rendered":"Chouchou Scrunchie"},"content":{"rendered":"<h4><a title=\"Collection All The Ways To Say\" href=\"\/collections\/all-the-ways-to-say\"><strong>Collection\u00a0All The Ways To Say<\/strong><\/a><\/h4>\n<p><span>L\u00e9gers, confortables et r\u00e9sistants, ces chouchous sont parfaits pour ajouter une touche romantique \u00e0 votre style au quotidien !<\/span><\/p>\n<ul>\n<li>Diam\u00e8tre : environ 13 cm<\/li>\n<li>100% polyester recycl\u00e9 de haute qualit\u00e9.<\/li>\n<li>Fabriqu\u00e9s au Portugal<\/li>\n<\/ul>\n","protected":false},"excerpt":{"rendered":"<p>Collection\u00a0All The Ways To Say L\u00e9gers, confortables et r\u00e9sistants, ces chouchous sont parfaits pour ajouter une touche romantique \u00e0 votre style au quotidien ! Diam\u00e8tre : environ 13 cm 100% polyester recycl\u00e9 de haute qualit\u00e9. Fabriqu\u00e9s au Portugal<\/p>\n","protected":false},"featured_media":1480363,"comment_status":"open","ping_status":"closed","template":"","meta":[],"product_brand":[],"product_cat":[1756,1764],"product_tag":[2244,1811],"acf":[],"_links":{"self":[{"href":"https:\/\/streetmarkets.fr\/app\/wp-json\/wp\/v2\/product\/1480362"}],"collection":[{"href":"https:\/\/streetmarkets.fr\/app\/wp-json\/wp\/v2\/product"}],"about":[{"href":"https:\/\/streetmarkets.fr\/app\/wp-json\/wp\/v2\/types\/product"}],"replies":[{"embeddable":true,"href":"https:\/\/streetmarkets.fr\/app\/wp-json\/wp\/v2\/comments?post=1480362"}],"wp:featuredmedia":[{"embeddable":true,"href":"https:\/\/streetmarkets.fr\/app\/wp-json\/wp\/v2\/media\/1480363"}],"wp:attachment":[{"href":"https:\/\/streetmarkets.fr\/app\/wp-json\/wp\/v2\/media?parent=1480362"}],"wp:term":[{"taxonomy":"product_brand","embeddable":true,"href":"https:\/\/streetmarkets.fr\/app\/wp-json\/wp\/v2\/product_brand?post=1480362"},{"taxonomy":"product_cat","embeddable":true,"href":"https:\/\/streetmarkets.fr\/app\/wp-json\/wp\/v2\/product_cat?post=1480362"},{"taxonomy":"product_tag","embeddable":true,"href":"https:\/\/streetmarkets.fr\/app\/wp-json\/wp\/v2\/product_tag?post=1480362"}],"curies":[{"name":"wp","href":"https:\/\/api.w.org\/{rel}","templated":true}]}}