{"id":1467008,"date":"2025-03-05T23:28:50","date_gmt":"2025-03-05T22:28:50","guid":{"rendered":"https:\/\/streetmarkets.fr\/app\/produit\/grand-portefeuille-style-vintage-rose\/"},"modified":"2025-09-01T00:27:37","modified_gmt":"2025-08-31T22:27:37","slug":"grand-portefeuille-style-vintage-rose","status":"publish","type":"product","link":"https:\/\/streetmarkets.fr\/app\/produit\/grand-portefeuille-style-vintage-rose\/","title":{"rendered":"Grand portefeuille style vintage Rose"},"content":{"rendered":"<p>Portefeuille ou portemonnaie ou pochette de sac ou de bijoux<\/p>\n<p>Cuir fin sur l&rsquo;ext\u00e9rieur. Coton \u00e9toil\u00e9 \u00e0 l int\u00e9rieur et fonc\u00e9 (ne se tache pas).<\/p>\n<p>Fermeture type vintage pour un joli mod\u00e8le. Une pochette int\u00e9rieure \u00e0 fermeture identique et une pochette plate.<\/p>\n<p>L\u00e9ger. Jolies couleurs.<\/p>\n<p>&nbsp;<\/p>\n","protected":false},"excerpt":{"rendered":"<p>Portefeuille ou portemonnaie ou pochette de sac ou de bijoux Cuir fin sur l&rsquo;ext\u00e9rieur. Coton \u00e9toil\u00e9 \u00e0 l int\u00e9rieur et fonc\u00e9 (ne se tache pas). Fermeture type vintage pour un joli mod\u00e8le. Une pochette int\u00e9rieure \u00e0 fermeture identique et une pochette plate. L\u00e9ger. Jolies couleurs. &nbsp;<\/p>\n","protected":false},"featured_media":1467009,"comment_status":"open","ping_status":"closed","template":"","meta":[],"product_brand":[],"product_cat":[1756,1764],"product_tag":[1811,2122],"acf":[],"_links":{"self":[{"href":"https:\/\/streetmarkets.fr\/app\/wp-json\/wp\/v2\/product\/1467008"}],"collection":[{"href":"https:\/\/streetmarkets.fr\/app\/wp-json\/wp\/v2\/product"}],"about":[{"href":"https:\/\/streetmarkets.fr\/app\/wp-json\/wp\/v2\/types\/product"}],"replies":[{"embeddable":true,"href":"https:\/\/streetmarkets.fr\/app\/wp-json\/wp\/v2\/comments?post=1467008"}],"wp:featuredmedia":[{"embeddable":true,"href":"https:\/\/streetmarkets.fr\/app\/wp-json\/wp\/v2\/media\/1467009"}],"wp:attachment":[{"href":"https:\/\/streetmarkets.fr\/app\/wp-json\/wp\/v2\/media?parent=1467008"}],"wp:term":[{"taxonomy":"product_brand","embeddable":true,"href":"https:\/\/streetmarkets.fr\/app\/wp-json\/wp\/v2\/product_brand?post=1467008"},{"taxonomy":"product_cat","embeddable":true,"href":"https:\/\/streetmarkets.fr\/app\/wp-json\/wp\/v2\/product_cat?post=1467008"},{"taxonomy":"product_tag","embeddable":true,"href":"https:\/\/streetmarkets.fr\/app\/wp-json\/wp\/v2\/product_tag?post=1467008"}],"curies":[{"name":"wp","href":"https:\/\/api.w.org\/{rel}","templated":true}]}}