{"id":1466997,"date":"2025-03-05T23:28:50","date_gmt":"2025-03-05T22:28:50","guid":{"rendered":"https:\/\/streetmarkets.fr\/app\/produit\/portemonnaie-100-cuir-noir\/"},"modified":"2025-09-01T00:27:36","modified_gmt":"2025-08-31T22:27:36","slug":"portemonnaie-100-cuir-noir","status":"publish","type":"product","link":"https:\/\/streetmarkets.fr\/app\/produit\/portemonnaie-100-cuir-noir\/","title":{"rendered":"Portemonnaie 100% cuir Noir"},"content":{"rendered":"<p>Porte-monnaie en 100% Cuir de taurillon. Souple.<\/p>\n<p>1 Ferm\u00e9ture \u00e9clair YKK excella<\/p>\n<p>Dimensions: 10,3 cm x 7,5 cm<\/p>\n<p>Dessin\u00e9 en France<\/p>\n","protected":false},"excerpt":{"rendered":"<p>Porte-monnaie en 100% Cuir de taurillon. Souple. 1 Ferm\u00e9ture \u00e9clair YKK excella Dimensions: 10,3 cm x 7,5 cm Dessin\u00e9 en France<\/p>\n","protected":false},"featured_media":1466998,"comment_status":"open","ping_status":"closed","template":"","meta":[],"product_brand":[],"product_cat":[1756,1764],"product_tag":[1811],"acf":[],"_links":{"self":[{"href":"https:\/\/streetmarkets.fr\/app\/wp-json\/wp\/v2\/product\/1466997"}],"collection":[{"href":"https:\/\/streetmarkets.fr\/app\/wp-json\/wp\/v2\/product"}],"about":[{"href":"https:\/\/streetmarkets.fr\/app\/wp-json\/wp\/v2\/types\/product"}],"replies":[{"embeddable":true,"href":"https:\/\/streetmarkets.fr\/app\/wp-json\/wp\/v2\/comments?post=1466997"}],"wp:featuredmedia":[{"embeddable":true,"href":"https:\/\/streetmarkets.fr\/app\/wp-json\/wp\/v2\/media\/1466998"}],"wp:attachment":[{"href":"https:\/\/streetmarkets.fr\/app\/wp-json\/wp\/v2\/media?parent=1466997"}],"wp:term":[{"taxonomy":"product_brand","embeddable":true,"href":"https:\/\/streetmarkets.fr\/app\/wp-json\/wp\/v2\/product_brand?post=1466997"},{"taxonomy":"product_cat","embeddable":true,"href":"https:\/\/streetmarkets.fr\/app\/wp-json\/wp\/v2\/product_cat?post=1466997"},{"taxonomy":"product_tag","embeddable":true,"href":"https:\/\/streetmarkets.fr\/app\/wp-json\/wp\/v2\/product_tag?post=1466997"}],"curies":[{"name":"wp","href":"https:\/\/api.w.org\/{rel}","templated":true}]}}