{"id":1466800,"date":"2025-03-05T23:28:05","date_gmt":"2025-03-05T22:28:05","guid":{"rendered":"https:\/\/streetmarkets.fr\/app\/produit\/collier-magique-pierre-darbre-en-quartz-rutile\/"},"modified":"2025-09-01T00:27:34","modified_gmt":"2025-08-31T22:27:34","slug":"collier-magique-pierre-darbre-en-quartz-rutile","status":"publish","type":"product","link":"https:\/\/streetmarkets.fr\/app\/produit\/collier-magique-pierre-darbre-en-quartz-rutile\/","title":{"rendered":"Collier magique Pierre d&rsquo;arbre en quartz rutil\u00e9"},"content":{"rendered":"<p>Collier grosse chaine en laiton dor\u00e9 \u00e0 l or fin 24K. Magique et f\u00e9\u00e9rique.<\/p>\n<p>Pierre : quartz rutil\u00e9 (chaque paire est unique en couleur et en taille \u00e0 qques mm pr\u00e8s)<\/p>\n<p>Dessin\u00e9es et fabriqu\u00e9es en France.<\/p>\n<p>&nbsp;<\/p>\n","protected":false},"excerpt":{"rendered":"<p>Collier grosse chaine en laiton dor\u00e9 \u00e0 l or fin 24K. Magique et f\u00e9\u00e9rique. Pierre : quartz rutil\u00e9 (chaque paire est unique en couleur et en taille \u00e0 qques mm pr\u00e8s) Dessin\u00e9es et fabriqu\u00e9es en France. &nbsp;<\/p>\n","protected":false},"featured_media":1466801,"comment_status":"open","ping_status":"closed","template":"","meta":[],"product_brand":[],"product_cat":[1807,1756],"product_tag":[1811],"acf":[],"_links":{"self":[{"href":"https:\/\/streetmarkets.fr\/app\/wp-json\/wp\/v2\/product\/1466800"}],"collection":[{"href":"https:\/\/streetmarkets.fr\/app\/wp-json\/wp\/v2\/product"}],"about":[{"href":"https:\/\/streetmarkets.fr\/app\/wp-json\/wp\/v2\/types\/product"}],"replies":[{"embeddable":true,"href":"https:\/\/streetmarkets.fr\/app\/wp-json\/wp\/v2\/comments?post=1466800"}],"wp:featuredmedia":[{"embeddable":true,"href":"https:\/\/streetmarkets.fr\/app\/wp-json\/wp\/v2\/media\/1466801"}],"wp:attachment":[{"href":"https:\/\/streetmarkets.fr\/app\/wp-json\/wp\/v2\/media?parent=1466800"}],"wp:term":[{"taxonomy":"product_brand","embeddable":true,"href":"https:\/\/streetmarkets.fr\/app\/wp-json\/wp\/v2\/product_brand?post=1466800"},{"taxonomy":"product_cat","embeddable":true,"href":"https:\/\/streetmarkets.fr\/app\/wp-json\/wp\/v2\/product_cat?post=1466800"},{"taxonomy":"product_tag","embeddable":true,"href":"https:\/\/streetmarkets.fr\/app\/wp-json\/wp\/v2\/product_tag?post=1466800"}],"curies":[{"name":"wp","href":"https:\/\/api.w.org\/{rel}","templated":true}]}}