{"id":1466791,"date":"2025-03-05T23:28:05","date_gmt":"2025-03-05T22:28:05","guid":{"rendered":"https:\/\/streetmarkets.fr\/app\/produit\/boucles-doreilles-creoles-rita-argentees-grandes-margi-darika\/"},"modified":"2025-09-01T00:27:34","modified_gmt":"2025-08-31T22:27:34","slug":"boucles-doreilles-creoles-rita-argentees-grandes-margi-darika","status":"publish","type":"product","link":"https:\/\/streetmarkets.fr\/app\/produit\/boucles-doreilles-creoles-rita-argentees-grandes-margi-darika\/","title":{"rendered":"Boucles d&rsquo;oreilles cr\u00e9oles Rita argent\u00e9es (grandes) (Margi Darika)"},"content":{"rendered":"<p>Tr\u00e8s joli mod\u00e8le de cr\u00e9oles comme une grosse chaine rigide.<\/p>\n<p>Mati\u00e8re : argent rhodi\u00e9<\/p>\n<p>Diam\u00e8tre : 5,4 cm<\/p>\n<p>Poids : 7,82 g.<\/p>\n<p>Dessin\u00e9es et fabriqu\u00e9es en France.<\/p>\n<p>&nbsp;<\/p>\n<p>&nbsp;<\/p>\n<p>Existe en diam\u00e8tre plus petit.<\/p>\n","protected":false},"excerpt":{"rendered":"<p>Tr\u00e8s joli mod\u00e8le de cr\u00e9oles comme une grosse chaine rigide. Mati\u00e8re : argent rhodi\u00e9 Diam\u00e8tre : 5,4 cm Poids : 7,82 g. Dessin\u00e9es et fabriqu\u00e9es en France. &nbsp; &nbsp; Existe en diam\u00e8tre plus petit.<\/p>\n","protected":false},"featured_media":1466792,"comment_status":"open","ping_status":"closed","template":"","meta":[],"product_brand":[],"product_cat":[1807,1756],"product_tag":[1811],"acf":[],"_links":{"self":[{"href":"https:\/\/streetmarkets.fr\/app\/wp-json\/wp\/v2\/product\/1466791"}],"collection":[{"href":"https:\/\/streetmarkets.fr\/app\/wp-json\/wp\/v2\/product"}],"about":[{"href":"https:\/\/streetmarkets.fr\/app\/wp-json\/wp\/v2\/types\/product"}],"replies":[{"embeddable":true,"href":"https:\/\/streetmarkets.fr\/app\/wp-json\/wp\/v2\/comments?post=1466791"}],"wp:featuredmedia":[{"embeddable":true,"href":"https:\/\/streetmarkets.fr\/app\/wp-json\/wp\/v2\/media\/1466792"}],"wp:attachment":[{"href":"https:\/\/streetmarkets.fr\/app\/wp-json\/wp\/v2\/media?parent=1466791"}],"wp:term":[{"taxonomy":"product_brand","embeddable":true,"href":"https:\/\/streetmarkets.fr\/app\/wp-json\/wp\/v2\/product_brand?post=1466791"},{"taxonomy":"product_cat","embeddable":true,"href":"https:\/\/streetmarkets.fr\/app\/wp-json\/wp\/v2\/product_cat?post=1466791"},{"taxonomy":"product_tag","embeddable":true,"href":"https:\/\/streetmarkets.fr\/app\/wp-json\/wp\/v2\/product_tag?post=1466791"}],"curies":[{"name":"wp","href":"https:\/\/api.w.org\/{rel}","templated":true}]}}