{"id":1466754,"date":"2025-03-05T23:27:26","date_gmt":"2025-03-05T22:27:26","guid":{"rendered":"https:\/\/streetmarkets.fr\/app\/produit\/ceinture-en-python-moka-t1-claris-virot-vendue-avec-un-choix-de-boucle-a-ajouter-a-la-commande\/"},"modified":"2025-09-01T00:27:33","modified_gmt":"2025-08-31T22:27:33","slug":"ceinture-en-python-moka-t1-claris-virot-vendue-avec-un-choix-de-boucle-a-ajouter-a-la-commande","status":"publish","type":"product","link":"https:\/\/streetmarkets.fr\/app\/produit\/ceinture-en-python-moka-t1-claris-virot-vendue-avec-un-choix-de-boucle-a-ajouter-a-la-commande\/","title":{"rendered":"Ceinture en python Moka T1 Claris Virot (vendue avec un choix de boucle \u00e0 ajouter \u00e0 la commande)"},"content":{"rendered":"<p>La ceinture d&rsquo;une vie : se garde \u00e0 vie, cuir python doubl\u00e9e cuir, avec la possibilit\u00e9 de mettre des boucles diff\u00e9rentes, en fonction des envies dans le temps. Se patine formidablement.<\/p>\n<p>Ici elle est propos\u00e9e soit avec une boucle Tortue, soit avec une boucle Beatle (\u00e0 ajouter \u00e0 la commande).<\/p>\n<p>Attention : toute petite s\u00e9rie, de ceintures et de boucles. Chaque ceinture est unique selon comment le cuir a r\u00e9agit \u00e0 la teinture.<\/p>\n<p>Mati\u00e8re : python et cuir.<\/p>\n<p>Longueur : \u00a0T1 (80 cm)<\/p>\n<p>Largeur : \u00a03,3 cm<\/p>\n<p>Dessin\u00e9e en France. Cousue main<\/p>\n<p>&nbsp;<\/p>\n<p>&nbsp;<\/p>\n<p>&nbsp;<\/p>\n<p>&nbsp;<\/p>\n","protected":false},"excerpt":{"rendered":"<p>La ceinture d&rsquo;une vie : se garde \u00e0 vie, cuir python doubl\u00e9e cuir, avec la possibilit\u00e9 de mettre des boucles diff\u00e9rentes, en fonction des envies dans le temps. Se patine formidablement. Ici elle est propos\u00e9e soit avec une boucle Tortue, soit avec une boucle Beatle (\u00e0 ajouter \u00e0 la commande). Attention : toute petite s\u00e9rie, [&hellip;]<\/p>\n","protected":false},"featured_media":1466755,"comment_status":"open","ping_status":"closed","template":"","meta":[],"product_brand":[],"product_cat":[1756,1764],"product_tag":[1811],"acf":[],"_links":{"self":[{"href":"https:\/\/streetmarkets.fr\/app\/wp-json\/wp\/v2\/product\/1466754"}],"collection":[{"href":"https:\/\/streetmarkets.fr\/app\/wp-json\/wp\/v2\/product"}],"about":[{"href":"https:\/\/streetmarkets.fr\/app\/wp-json\/wp\/v2\/types\/product"}],"replies":[{"embeddable":true,"href":"https:\/\/streetmarkets.fr\/app\/wp-json\/wp\/v2\/comments?post=1466754"}],"wp:featuredmedia":[{"embeddable":true,"href":"https:\/\/streetmarkets.fr\/app\/wp-json\/wp\/v2\/media\/1466755"}],"wp:attachment":[{"href":"https:\/\/streetmarkets.fr\/app\/wp-json\/wp\/v2\/media?parent=1466754"}],"wp:term":[{"taxonomy":"product_brand","embeddable":true,"href":"https:\/\/streetmarkets.fr\/app\/wp-json\/wp\/v2\/product_brand?post=1466754"},{"taxonomy":"product_cat","embeddable":true,"href":"https:\/\/streetmarkets.fr\/app\/wp-json\/wp\/v2\/product_cat?post=1466754"},{"taxonomy":"product_tag","embeddable":true,"href":"https:\/\/streetmarkets.fr\/app\/wp-json\/wp\/v2\/product_tag?post=1466754"}],"curies":[{"name":"wp","href":"https:\/\/api.w.org\/{rel}","templated":true}]}}