{"id":1466744,"date":"2025-03-05T23:27:25","date_gmt":"2025-03-05T22:27:25","guid":{"rendered":"https:\/\/streetmarkets.fr\/app\/produit\/jonc-tisse-pierre-lapis\/"},"modified":"2025-09-01T00:27:32","modified_gmt":"2025-08-31T22:27:32","slug":"jonc-tisse-pierre-lapis","status":"publish","type":"product","link":"https:\/\/streetmarkets.fr\/app\/produit\/jonc-tisse-pierre-lapis\/","title":{"rendered":"Jonc tiss\u00e9 pierre Lapis"},"content":{"rendered":"<p>Mati\u00e8re : \u00a0jonc relativement souple cuir (cot\u00e9 peau) et tissage, pierre et perles (cot\u00e9 ext\u00e9rieur).<\/p>\n<p>Tr\u00e8s l\u00e9ger et facile \u00e0 porter. Donne l&rsquo;impression d&rsquo;un jonc en argent alors que celui-ci est extr\u00eamement l\u00e9ger. Sans m\u00e9tal.<\/p>\n<p>Dessin\u00e9 en France.<\/p>\n<p>&nbsp;<\/p>\n<p>&nbsp;<\/p>\n<p>&nbsp;<\/p>\n<p>Existent avec plusieurs couleurs de tissage de cuir.<\/p>\n","protected":false},"excerpt":{"rendered":"<p>Mati\u00e8re : \u00a0jonc relativement souple cuir (cot\u00e9 peau) et tissage, pierre et perles (cot\u00e9 ext\u00e9rieur). Tr\u00e8s l\u00e9ger et facile \u00e0 porter. Donne l&rsquo;impression d&rsquo;un jonc en argent alors que celui-ci est extr\u00eamement l\u00e9ger. Sans m\u00e9tal. Dessin\u00e9 en France. &nbsp; &nbsp; &nbsp; Existent avec plusieurs couleurs de tissage de cuir.<\/p>\n","protected":false},"featured_media":1466745,"comment_status":"open","ping_status":"closed","template":"","meta":[],"product_brand":[],"product_cat":[1807,1756],"product_tag":[1811],"acf":[],"_links":{"self":[{"href":"https:\/\/streetmarkets.fr\/app\/wp-json\/wp\/v2\/product\/1466744"}],"collection":[{"href":"https:\/\/streetmarkets.fr\/app\/wp-json\/wp\/v2\/product"}],"about":[{"href":"https:\/\/streetmarkets.fr\/app\/wp-json\/wp\/v2\/types\/product"}],"replies":[{"embeddable":true,"href":"https:\/\/streetmarkets.fr\/app\/wp-json\/wp\/v2\/comments?post=1466744"}],"wp:featuredmedia":[{"embeddable":true,"href":"https:\/\/streetmarkets.fr\/app\/wp-json\/wp\/v2\/media\/1466745"}],"wp:attachment":[{"href":"https:\/\/streetmarkets.fr\/app\/wp-json\/wp\/v2\/media?parent=1466744"}],"wp:term":[{"taxonomy":"product_brand","embeddable":true,"href":"https:\/\/streetmarkets.fr\/app\/wp-json\/wp\/v2\/product_brand?post=1466744"},{"taxonomy":"product_cat","embeddable":true,"href":"https:\/\/streetmarkets.fr\/app\/wp-json\/wp\/v2\/product_cat?post=1466744"},{"taxonomy":"product_tag","embeddable":true,"href":"https:\/\/streetmarkets.fr\/app\/wp-json\/wp\/v2\/product_tag?post=1466744"}],"curies":[{"name":"wp","href":"https:\/\/api.w.org\/{rel}","templated":true}]}}