{"id":1461943,"date":"2025-03-05T00:19:57","date_gmt":"2025-03-04T23:19:57","guid":{"rendered":"https:\/\/streetmarkets.fr\/app\/produit\/cabas-amelot-printemps-2025\/"},"modified":"2026-05-13T01:15:55","modified_gmt":"2026-05-12T23:15:55","slug":"cabas-amelot-printemps-2025","status":"publish","type":"product","link":"https:\/\/streetmarkets.fr\/app\/produit\/cabas-amelot-printemps-2025\/","title":{"rendered":"Cabas Amelot &#8211; Printemps 2025"},"content":{"rendered":"<p><span><a title=\"Collection Rive Droite Paris\" href=\"\/collections\/rive-droite-paris\"><strong>Collection Rive Droite Paris<\/strong><\/a><\/span><\/p>\n<p dir=\"ltr\"><span>Amelot le cabas de plage s\u2019habille d\u2019un canva de coton 50% recycl\u00e9 et 50% organique. Avec ses rayures bleu marine et blanches,<\/span><span>\u00a0il s&#8217;inspire de l\u2019iconique salopette Oshkosh.<\/span><\/p>\n<p dir=\"ltr\">Il s\u00e9duit par sa silhouette, sa poche ext\u00e9rieure et son volume spacieux, id\u00e9al pour transporter gourde, grande serviette de plage et autres petits objets du quotidien. Ses longues anses vous offrent un port\u00e9 \u00e9paule confortable.<\/p>\n<p dir=\"ltr\">Sa doublure int\u00e9rieure bleu marine ou rouge est confectionn\u00e9e \u00e0 partir de surstock de l&#8217;industrie textile.<\/p>\n<ul>\n<li style=\"list-style-type: none\">\n<ul>\n<li>\n<strong>Composition<\/strong><span>\u00a0<\/span>:  <span>Canva de coton recycl\u00e9 &#8211; 50% Coton recycl\u00e9 &amp; 50% Coton oragnique.<\/span>\n<\/li>\n<li>\n<span><strong>Emballage :\u00a0<\/strong><\/span>Ce produit est emball\u00e9 avec soin dans un pochon en coton r\u00e9utilisable avec un lien coulissant.<\/li>\n<li>\n<strong>Doublure<\/strong><span>\u00a0<\/span>:<span> \u00a0100% polycoton upcycl\u00e9 (surstock trouv\u00e9 sur un march\u00e9 au Maroc) &#8211; Bleu Marine.<\/span>\n<\/li>\n<li>\n<strong>Dimensions<\/strong><span>\u00a0<\/span>: L41 x H43 x P21 cm<\/li>\n<li>\n<p><strong>Conseils d&#8217;entretien<\/strong><span>\u00a0<\/span><span>: Nettoyage \u00e0 sec.<\/span><strong><\/strong><\/p>\n<\/li>\n<\/ul>\n<\/li>\n<\/ul>\n","protected":false},"excerpt":{"rendered":"<p>Collection Rive Droite Paris Amelot le cabas de plage s\u2019habille d\u2019un canva de coton 50% recycl\u00e9 et 50% organique. Avec ses rayures bleu marine et blanches,\u00a0il s&#8217;inspire de l\u2019iconique salopette Oshkosh. Il s\u00e9duit par sa silhouette, sa poche ext\u00e9rieure et son volume spacieux, id\u00e9al pour transporter gourde, grande serviette de plage et autres petits objets [&hellip;]<\/p>\n","protected":false},"featured_media":1461944,"comment_status":"open","ping_status":"closed","template":"","meta":[],"product_brand":[],"product_cat":[1756,1764,1760],"product_tag":[2244,1811],"acf":[],"_links":{"self":[{"href":"https:\/\/streetmarkets.fr\/app\/wp-json\/wp\/v2\/product\/1461943"}],"collection":[{"href":"https:\/\/streetmarkets.fr\/app\/wp-json\/wp\/v2\/product"}],"about":[{"href":"https:\/\/streetmarkets.fr\/app\/wp-json\/wp\/v2\/types\/product"}],"replies":[{"embeddable":true,"href":"https:\/\/streetmarkets.fr\/app\/wp-json\/wp\/v2\/comments?post=1461943"}],"wp:featuredmedia":[{"embeddable":true,"href":"https:\/\/streetmarkets.fr\/app\/wp-json\/wp\/v2\/media\/1461944"}],"wp:attachment":[{"href":"https:\/\/streetmarkets.fr\/app\/wp-json\/wp\/v2\/media?parent=1461943"}],"wp:term":[{"taxonomy":"product_brand","embeddable":true,"href":"https:\/\/streetmarkets.fr\/app\/wp-json\/wp\/v2\/product_brand?post=1461943"},{"taxonomy":"product_cat","embeddable":true,"href":"https:\/\/streetmarkets.fr\/app\/wp-json\/wp\/v2\/product_cat?post=1461943"},{"taxonomy":"product_tag","embeddable":true,"href":"https:\/\/streetmarkets.fr\/app\/wp-json\/wp\/v2\/product_tag?post=1461943"}],"curies":[{"name":"wp","href":"https:\/\/api.w.org\/{rel}","templated":true}]}}