{"id":1440856,"date":"2025-03-01T01:01:21","date_gmt":"2025-03-01T00:01:21","guid":{"rendered":"https:\/\/streetmarkets.fr\/app\/produit\/echarpe-en-laine-caramel-pomandere-50\/"},"modified":"2026-05-16T02:01:33","modified_gmt":"2026-05-16T00:01:33","slug":"echarpe-en-laine-caramel-pomandere-50","status":"publish","type":"product","link":"https:\/\/streetmarkets.fr\/app\/produit\/echarpe-en-laine-caramel-pomandere-50\/","title":{"rendered":"\u00c9charpe en Laine Caramel Pomand\u00e8re -40%"},"content":{"rendered":"<p class=\"\">\u00c9charpe \u00e0 rayures ton sur ton en laine douce et chaude avec franges.<\/p>\n<p class=\"\">D\u00e9tail : <span>82% mohair, 16% polyester, 2% elasthane<\/span><\/p>\n","protected":false},"excerpt":{"rendered":"<p>\u00c9charpe \u00e0 rayures ton sur ton en laine douce et chaude avec franges. D\u00e9tail : 82% mohair, 16% polyester, 2% elasthane<\/p>\n","protected":false},"featured_media":1440857,"comment_status":"open","ping_status":"closed","template":"","meta":[],"product_brand":[],"product_cat":[1756,1764],"product_tag":[2244],"acf":[],"_links":{"self":[{"href":"https:\/\/streetmarkets.fr\/app\/wp-json\/wp\/v2\/product\/1440856"}],"collection":[{"href":"https:\/\/streetmarkets.fr\/app\/wp-json\/wp\/v2\/product"}],"about":[{"href":"https:\/\/streetmarkets.fr\/app\/wp-json\/wp\/v2\/types\/product"}],"replies":[{"embeddable":true,"href":"https:\/\/streetmarkets.fr\/app\/wp-json\/wp\/v2\/comments?post=1440856"}],"wp:featuredmedia":[{"embeddable":true,"href":"https:\/\/streetmarkets.fr\/app\/wp-json\/wp\/v2\/media\/1440857"}],"wp:attachment":[{"href":"https:\/\/streetmarkets.fr\/app\/wp-json\/wp\/v2\/media?parent=1440856"}],"wp:term":[{"taxonomy":"product_brand","embeddable":true,"href":"https:\/\/streetmarkets.fr\/app\/wp-json\/wp\/v2\/product_brand?post=1440856"},{"taxonomy":"product_cat","embeddable":true,"href":"https:\/\/streetmarkets.fr\/app\/wp-json\/wp\/v2\/product_cat?post=1440856"},{"taxonomy":"product_tag","embeddable":true,"href":"https:\/\/streetmarkets.fr\/app\/wp-json\/wp\/v2\/product_tag?post=1440856"}],"curies":[{"name":"wp","href":"https:\/\/api.w.org\/{rel}","templated":true}]}}