{"id":1433370,"date":"2025-02-28T01:10:54","date_gmt":"2025-02-28T00:10:54","guid":{"rendered":"https:\/\/streetmarkets.fr\/app\/produit\/robe-longue-bretelles-gisele-s25-femme-black-orchid\/"},"modified":"2025-08-22T01:50:18","modified_gmt":"2025-08-21T23:50:18","slug":"robe-longue-bretelles-gisele-s25-femme-black-orchid","status":"publish","type":"product","link":"https:\/\/streetmarkets.fr\/app\/produit\/robe-longue-bretelles-gisele-s25-femme-black-orchid\/","title":{"rendered":"Robe Longue Bretelles Gisele (S25 \/ FEMME \/ Black Orchid)"},"content":{"rendered":"<p>Imprim\u00e9 fleuri et satin de soie l\u00e9ger et brillant pour cette robe longue fa\u00e7on nuisette. Cintr\u00e9e et allur\u00e9e, elle d\u00e9voile un d\u00e9collet\u00e9 arrondi, des bretelles fines ajustables et un tomb\u00e9 fluide. Id\u00e9ale de jour comme de nuit, elle se porte aussi bien seule que sous une maille moelleuse.<\/p>\n<p>&#8211; Robe longue en satin de soie Femme<br \/>\n<br \/>&#8211; Col arrondi<br \/>\n<br \/>&#8211; Imprim\u00e9 fleuri<br \/>\n<br \/>&#8211; Bretelles fines ajustables<br \/>\n<br \/>&#8211; Bas \u00e9vas\u00e9<br \/>\n<br \/>&#8211; Coupe slim<\/p>\n","protected":false},"excerpt":{"rendered":"<p>Imprim\u00e9 fleuri et satin de soie l\u00e9ger et brillant pour cette robe longue fa\u00e7on nuisette. Cintr\u00e9e et allur\u00e9e, elle d\u00e9voile un d\u00e9collet\u00e9 arrondi, des bretelles fines ajustables et un tomb\u00e9 fluide. Id\u00e9ale de jour comme de nuit, elle se porte aussi bien seule que sous une maille moelleuse. &#8211; Robe longue en satin de soie [&hellip;]<\/p>\n","protected":false},"featured_media":1433371,"comment_status":"open","ping_status":"closed","template":"","meta":[],"product_brand":[6868],"product_cat":[1756,1762],"product_tag":[2244],"acf":[],"_links":{"self":[{"href":"https:\/\/streetmarkets.fr\/app\/wp-json\/wp\/v2\/product\/1433370"}],"collection":[{"href":"https:\/\/streetmarkets.fr\/app\/wp-json\/wp\/v2\/product"}],"about":[{"href":"https:\/\/streetmarkets.fr\/app\/wp-json\/wp\/v2\/types\/product"}],"replies":[{"embeddable":true,"href":"https:\/\/streetmarkets.fr\/app\/wp-json\/wp\/v2\/comments?post=1433370"}],"wp:featuredmedia":[{"embeddable":true,"href":"https:\/\/streetmarkets.fr\/app\/wp-json\/wp\/v2\/media\/1433371"}],"wp:attachment":[{"href":"https:\/\/streetmarkets.fr\/app\/wp-json\/wp\/v2\/media?parent=1433370"}],"wp:term":[{"taxonomy":"product_brand","embeddable":true,"href":"https:\/\/streetmarkets.fr\/app\/wp-json\/wp\/v2\/product_brand?post=1433370"},{"taxonomy":"product_cat","embeddable":true,"href":"https:\/\/streetmarkets.fr\/app\/wp-json\/wp\/v2\/product_cat?post=1433370"},{"taxonomy":"product_tag","embeddable":true,"href":"https:\/\/streetmarkets.fr\/app\/wp-json\/wp\/v2\/product_tag?post=1433370"}],"curies":[{"name":"wp","href":"https:\/\/api.w.org\/{rel}","templated":true}]}}