{"id":1404595,"date":"2025-02-22T01:07:14","date_gmt":"2025-02-22T00:07:14","guid":{"rendered":"https:\/\/streetmarkets.fr\/app\/produit\/nouveau-masscob-robe-talaiot-lima-precommande\/"},"modified":"2025-08-06T02:05:22","modified_gmt":"2025-08-06T00:05:22","slug":"nouveau-masscob-robe-talaiot-lima-precommande","status":"publish","type":"product","link":"https:\/\/streetmarkets.fr\/app\/produit\/nouveau-masscob-robe-talaiot-lima-precommande\/","title":{"rendered":"MASSCOB Robe Talaiot Lima -30%"},"content":{"rendered":"<p data-rte-preserve-empty=\"true\">Robe longue et fluide en lin, coupe ample, col en V, manches 3\/4, deux fentes de chaque c\u00f4t\u00e9s, deux poches lat\u00e9rales, fraiche et confortable. Le mod\u00e8le taille grand.<\/p>\n<p data-rte-preserve-empty=\"true\">D\u00e9tail : 90% lin, 10% polyamide<\/p>\n","protected":false},"excerpt":{"rendered":"<p>Robe longue et fluide en lin, coupe ample, col en V, manches 3\/4, deux fentes de chaque c\u00f4t\u00e9s, deux poches lat\u00e9rales, fraiche et confortable. Le mod\u00e8le taille grand. D\u00e9tail : 90% lin, 10% polyamide<\/p>\n","protected":false},"featured_media":1404596,"comment_status":"open","ping_status":"closed","template":"","meta":[],"product_brand":[],"product_cat":[1756,1762],"product_tag":[2244],"acf":[],"_links":{"self":[{"href":"https:\/\/streetmarkets.fr\/app\/wp-json\/wp\/v2\/product\/1404595"}],"collection":[{"href":"https:\/\/streetmarkets.fr\/app\/wp-json\/wp\/v2\/product"}],"about":[{"href":"https:\/\/streetmarkets.fr\/app\/wp-json\/wp\/v2\/types\/product"}],"replies":[{"embeddable":true,"href":"https:\/\/streetmarkets.fr\/app\/wp-json\/wp\/v2\/comments?post=1404595"}],"wp:featuredmedia":[{"embeddable":true,"href":"https:\/\/streetmarkets.fr\/app\/wp-json\/wp\/v2\/media\/1404596"}],"wp:attachment":[{"href":"https:\/\/streetmarkets.fr\/app\/wp-json\/wp\/v2\/media?parent=1404595"}],"wp:term":[{"taxonomy":"product_brand","embeddable":true,"href":"https:\/\/streetmarkets.fr\/app\/wp-json\/wp\/v2\/product_brand?post=1404595"},{"taxonomy":"product_cat","embeddable":true,"href":"https:\/\/streetmarkets.fr\/app\/wp-json\/wp\/v2\/product_cat?post=1404595"},{"taxonomy":"product_tag","embeddable":true,"href":"https:\/\/streetmarkets.fr\/app\/wp-json\/wp\/v2\/product_tag?post=1404595"}],"curies":[{"name":"wp","href":"https:\/\/api.w.org\/{rel}","templated":true}]}}