{"id":1404513,"date":"2025-02-22T01:05:46","date_gmt":"2025-02-22T00:05:46","guid":{"rendered":"https:\/\/streetmarkets.fr\/app\/produit\/nouveau-laurence-bras-chemise-tent-dark-blue\/"},"modified":"2025-07-05T02:04:52","modified_gmt":"2025-07-05T00:04:52","slug":"nouveau-laurence-bras-chemise-tent-dark-blue","status":"publish","type":"product","link":"https:\/\/streetmarkets.fr\/app\/produit\/nouveau-laurence-bras-chemise-tent-dark-blue\/","title":{"rendered":"Nouveau ! LAURENCE BRAS Chemise Tent Dark Blue"},"content":{"rendered":"<p class=\"\" data-rte-preserve-empty=\"true\">\n<p class=\"\" data-rte-preserve-empty=\"true\">Chemise large \u00e0 fines rayures, coupe ample, manches longues et poignets resserr\u00e9s, emmanchure large, effet pliss\u00e9 sur le devant et une poche plaqu\u00e9e, douce et fluide. Le mod\u00e8le taille grand et se porte grand.<\/p>\n<p class=\"\" data-rte-preserve-empty=\"true\">\n<p class=\"\" data-rte-preserve-empty=\"true\">D\u00e9tail : 85% viscose, 15% polyamide<\/p>\n","protected":false},"excerpt":{"rendered":"<p>Chemise large \u00e0 fines rayures, coupe ample, manches longues et poignets resserr\u00e9s, emmanchure large, effet pliss\u00e9 sur le devant et une poche plaqu\u00e9e, douce et fluide. Le mod\u00e8le taille grand et se porte grand. D\u00e9tail : 85% viscose, 15% polyamide<\/p>\n","protected":false},"featured_media":1404514,"comment_status":"open","ping_status":"closed","template":"","meta":[],"product_brand":[],"product_cat":[1756,1762],"product_tag":[2244],"acf":[],"_links":{"self":[{"href":"https:\/\/streetmarkets.fr\/app\/wp-json\/wp\/v2\/product\/1404513"}],"collection":[{"href":"https:\/\/streetmarkets.fr\/app\/wp-json\/wp\/v2\/product"}],"about":[{"href":"https:\/\/streetmarkets.fr\/app\/wp-json\/wp\/v2\/types\/product"}],"replies":[{"embeddable":true,"href":"https:\/\/streetmarkets.fr\/app\/wp-json\/wp\/v2\/comments?post=1404513"}],"wp:featuredmedia":[{"embeddable":true,"href":"https:\/\/streetmarkets.fr\/app\/wp-json\/wp\/v2\/media\/1404514"}],"wp:attachment":[{"href":"https:\/\/streetmarkets.fr\/app\/wp-json\/wp\/v2\/media?parent=1404513"}],"wp:term":[{"taxonomy":"product_brand","embeddable":true,"href":"https:\/\/streetmarkets.fr\/app\/wp-json\/wp\/v2\/product_brand?post=1404513"},{"taxonomy":"product_cat","embeddable":true,"href":"https:\/\/streetmarkets.fr\/app\/wp-json\/wp\/v2\/product_cat?post=1404513"},{"taxonomy":"product_tag","embeddable":true,"href":"https:\/\/streetmarkets.fr\/app\/wp-json\/wp\/v2\/product_tag?post=1404513"}],"curies":[{"name":"wp","href":"https:\/\/api.w.org\/{rel}","templated":true}]}}