{"id":1399851,"date":"2025-02-21T01:17:13","date_gmt":"2025-02-21T00:17:13","guid":{"rendered":"https:\/\/streetmarkets.fr\/app\/produit\/robe-courte-bretelles-s25-femme-noir\/"},"modified":"2025-08-19T01:50:54","modified_gmt":"2025-08-18T23:50:54","slug":"robe-courte-bretelles-s25-femme-noir","status":"publish","type":"product","link":"https:\/\/streetmarkets.fr\/app\/produit\/robe-courte-bretelles-s25-femme-noir\/","title":{"rendered":"Robe Courte Bretelles \u00e0 Strass Multicolores (S25 \/ FEMME \/ Noir)"},"content":{"rendered":"<p>Cette robe courte et c\u00f4tel\u00e9e s\u00e9duit par ses bretelles fines \u00e0 strass multicolores. Confectionn\u00e9e en laine m\u00e9rinos 4 fils, elle d\u00e9voile une silhouette ajust\u00e9e, marqu\u00e9e d\u2019un d\u00e9collet\u00e9 c\u0153ur.<\/p>\n<p>&#8211; Robe courte en laine m\u00e9rinos 4 fils Femme<br \/>\n<br \/>&#8211; C\u00f4tel\u00e9e<br \/>\n<br \/>&#8211; Bretelles fines \u00e0 strass multicolores<br \/>\n<br \/>&#8211; D\u00e9collet\u00e9 c\u0153ur<br \/>\n<br \/>&#8211; Coupe slim<br \/>\n<br \/>&#8211; Laine m\u00e9rinos : respirante et thermor\u00e9gulatrice, elle peut \u00eatre port\u00e9e \u00e9t\u00e9 comme hiver<\/p>\n","protected":false},"excerpt":{"rendered":"<p>Cette robe courte et c\u00f4tel\u00e9e s\u00e9duit par ses bretelles fines \u00e0 strass multicolores. Confectionn\u00e9e en laine m\u00e9rinos 4 fils, elle d\u00e9voile une silhouette ajust\u00e9e, marqu\u00e9e d\u2019un d\u00e9collet\u00e9 c\u0153ur. &#8211; Robe courte en laine m\u00e9rinos 4 fils Femme &#8211; C\u00f4tel\u00e9e &#8211; Bretelles fines \u00e0 strass multicolores &#8211; D\u00e9collet\u00e9 c\u0153ur &#8211; Coupe slim &#8211; Laine m\u00e9rinos : [&hellip;]<\/p>\n","protected":false},"featured_media":1399852,"comment_status":"open","ping_status":"closed","template":"","meta":[],"product_brand":[6868],"product_cat":[1756,1762],"product_tag":[2244],"acf":[],"_links":{"self":[{"href":"https:\/\/streetmarkets.fr\/app\/wp-json\/wp\/v2\/product\/1399851"}],"collection":[{"href":"https:\/\/streetmarkets.fr\/app\/wp-json\/wp\/v2\/product"}],"about":[{"href":"https:\/\/streetmarkets.fr\/app\/wp-json\/wp\/v2\/types\/product"}],"replies":[{"embeddable":true,"href":"https:\/\/streetmarkets.fr\/app\/wp-json\/wp\/v2\/comments?post=1399851"}],"wp:featuredmedia":[{"embeddable":true,"href":"https:\/\/streetmarkets.fr\/app\/wp-json\/wp\/v2\/media\/1399852"}],"wp:attachment":[{"href":"https:\/\/streetmarkets.fr\/app\/wp-json\/wp\/v2\/media?parent=1399851"}],"wp:term":[{"taxonomy":"product_brand","embeddable":true,"href":"https:\/\/streetmarkets.fr\/app\/wp-json\/wp\/v2\/product_brand?post=1399851"},{"taxonomy":"product_cat","embeddable":true,"href":"https:\/\/streetmarkets.fr\/app\/wp-json\/wp\/v2\/product_cat?post=1399851"},{"taxonomy":"product_tag","embeddable":true,"href":"https:\/\/streetmarkets.fr\/app\/wp-json\/wp\/v2\/product_tag?post=1399851"}],"curies":[{"name":"wp","href":"https:\/\/api.w.org\/{rel}","templated":true}]}}