{"id":1393797,"date":"2025-02-20T00:39:07","date_gmt":"2025-02-19T23:39:07","guid":{"rendered":"https:\/\/streetmarkets.fr\/app\/produit\/sandales-suzanne-velours-camel\/"},"modified":"2025-03-24T00:39:11","modified_gmt":"2025-03-23T23:39:11","slug":"sandales-suzanne-velours-camel","status":"publish","type":"product","link":"https:\/\/streetmarkets.fr\/app\/produit\/sandales-suzanne-velours-camel\/","title":{"rendered":"Sandales Suzanne Velours Camel"},"content":{"rendered":"<p>Red\u00e9couvrez un classique avec la sandale Suzanne. Cet hommage contemporain \u00e0 la l\u00e9gendaire M\u00e9duse marie le charme r\u00e9tro \u00e0 un luxe discret. Parfaites pour une \u00e9l\u00e9gance baln\u00e9aire ou une promenade estivale.<\/p>\n<p>\u2022 Fabrication artisanale au Portugal<br \/>\u2022 Cuir provenant d&#8217;Espagne et d&#8217;Italie &#8211; certifi\u00e9 LWG (Leather working group)<br \/>\u2022 Semelle en cr\u00eape en partie recycl\u00e9e<br \/>\u2022 Brides reli\u00e9es<br \/>\u2022 Forme ovale<br \/>\u2022 Bride cheville<br \/>\u2022 Boucle arrondie dor\u00e9e<\/p>\n<p><strong>Composition :<\/strong><\/p>\n<p><span>Dessus : 100% cro\u00fbte de vachette &#8211; LWG<\/span><br \/><span>Doublure : 100% cuir de vachette &#8211; LWG<\/span><br \/><span>Semelle int\u00e9rieure : 100% cuir de vachette &#8211; LWG<\/span><br \/><span>Semelle ext\u00e9rieure : \u00e9lastom\u00e8re<\/span><\/p>\n<p>\u00a0<\/p>\n","protected":false},"excerpt":{"rendered":"<p>Red\u00e9couvrez un classique avec la sandale Suzanne. Cet hommage contemporain \u00e0 la l\u00e9gendaire M\u00e9duse marie le charme r\u00e9tro \u00e0 un luxe discret. Parfaites pour une \u00e9l\u00e9gance baln\u00e9aire ou une promenade estivale. \u2022 Fabrication artisanale au Portugal\u2022 Cuir provenant d&#8217;Espagne et d&#8217;Italie &#8211; certifi\u00e9 LWG (Leather working group)\u2022 Semelle en cr\u00eape en partie recycl\u00e9e\u2022 Brides reli\u00e9es\u2022 [&hellip;]<\/p>\n","protected":false},"featured_media":1393798,"comment_status":"open","ping_status":"closed","template":"","meta":[],"product_brand":[],"product_cat":[1756,1763],"product_tag":[1810],"acf":[],"_links":{"self":[{"href":"https:\/\/streetmarkets.fr\/app\/wp-json\/wp\/v2\/product\/1393797"}],"collection":[{"href":"https:\/\/streetmarkets.fr\/app\/wp-json\/wp\/v2\/product"}],"about":[{"href":"https:\/\/streetmarkets.fr\/app\/wp-json\/wp\/v2\/types\/product"}],"replies":[{"embeddable":true,"href":"https:\/\/streetmarkets.fr\/app\/wp-json\/wp\/v2\/comments?post=1393797"}],"wp:featuredmedia":[{"embeddable":true,"href":"https:\/\/streetmarkets.fr\/app\/wp-json\/wp\/v2\/media\/1393798"}],"wp:attachment":[{"href":"https:\/\/streetmarkets.fr\/app\/wp-json\/wp\/v2\/media?parent=1393797"}],"wp:term":[{"taxonomy":"product_brand","embeddable":true,"href":"https:\/\/streetmarkets.fr\/app\/wp-json\/wp\/v2\/product_brand?post=1393797"},{"taxonomy":"product_cat","embeddable":true,"href":"https:\/\/streetmarkets.fr\/app\/wp-json\/wp\/v2\/product_cat?post=1393797"},{"taxonomy":"product_tag","embeddable":true,"href":"https:\/\/streetmarkets.fr\/app\/wp-json\/wp\/v2\/product_tag?post=1393797"}],"curies":[{"name":"wp","href":"https:\/\/api.w.org\/{rel}","templated":true}]}}