{"id":1389039,"date":"2025-02-19T01:02:44","date_gmt":"2025-02-19T00:02:44","guid":{"rendered":"https:\/\/streetmarkets.fr\/app\/produit\/nouveau-vanessa-bruno-sac-bourse-textile-bordeaux-precommande\/"},"modified":"2026-05-11T02:00:29","modified_gmt":"2026-05-11T00:00:29","slug":"nouveau-vanessa-bruno-sac-bourse-textile-bordeaux-precommande","status":"publish","type":"product","link":"https:\/\/streetmarkets.fr\/app\/produit\/nouveau-vanessa-bruno-sac-bourse-textile-bordeaux-precommande\/","title":{"rendered":"VANESSA BRUNO Sac Bourse en Jute Bordeaux -50%"},"content":{"rendered":"<p data-rte-preserve-empty=\"true\">Joli sac bourse en jute \u00e0 motifs graphiques, une bandouli\u00e8re en cuir pour un port\u00e9 \u00e9paule ou bandouli\u00e8re. Se referme avec un lien coulissant. \u00c9galement disponible dans la couleur Tilleul. Ses dimensions : 21cm x 29cm x 18cm \/ Hauteur bandouli\u00e8re : 51cm.<\/p>\n<p data-rte-preserve-empty=\"true\">D\u00e9tail : Mati\u00e8re principale 100% jute, mati\u00e8re secondaire 100% cuir v\u00e9ritable<\/p>\n","protected":false},"excerpt":{"rendered":"<p>Joli sac bourse en jute \u00e0 motifs graphiques, une bandouli\u00e8re en cuir pour un port\u00e9 \u00e9paule ou bandouli\u00e8re. Se referme avec un lien coulissant. \u00c9galement disponible dans la couleur Tilleul. Ses dimensions : 21cm x 29cm x 18cm \/ Hauteur bandouli\u00e8re : 51cm. D\u00e9tail : Mati\u00e8re principale 100% jute, mati\u00e8re secondaire 100% cuir v\u00e9ritable<\/p>\n","protected":false},"featured_media":1389040,"comment_status":"open","ping_status":"closed","template":"","meta":[],"product_brand":[],"product_cat":[1756,1764],"product_tag":[2244],"acf":[],"_links":{"self":[{"href":"https:\/\/streetmarkets.fr\/app\/wp-json\/wp\/v2\/product\/1389039"}],"collection":[{"href":"https:\/\/streetmarkets.fr\/app\/wp-json\/wp\/v2\/product"}],"about":[{"href":"https:\/\/streetmarkets.fr\/app\/wp-json\/wp\/v2\/types\/product"}],"replies":[{"embeddable":true,"href":"https:\/\/streetmarkets.fr\/app\/wp-json\/wp\/v2\/comments?post=1389039"}],"wp:featuredmedia":[{"embeddable":true,"href":"https:\/\/streetmarkets.fr\/app\/wp-json\/wp\/v2\/media\/1389040"}],"wp:attachment":[{"href":"https:\/\/streetmarkets.fr\/app\/wp-json\/wp\/v2\/media?parent=1389039"}],"wp:term":[{"taxonomy":"product_brand","embeddable":true,"href":"https:\/\/streetmarkets.fr\/app\/wp-json\/wp\/v2\/product_brand?post=1389039"},{"taxonomy":"product_cat","embeddable":true,"href":"https:\/\/streetmarkets.fr\/app\/wp-json\/wp\/v2\/product_cat?post=1389039"},{"taxonomy":"product_tag","embeddable":true,"href":"https:\/\/streetmarkets.fr\/app\/wp-json\/wp\/v2\/product_tag?post=1389039"}],"curies":[{"name":"wp","href":"https:\/\/api.w.org\/{rel}","templated":true}]}}