{"id":1383285,"date":"2025-02-18T01:13:54","date_gmt":"2025-02-18T00:13:54","guid":{"rendered":"https:\/\/streetmarkets.fr\/app\/produit\/chemise-manches-longues-s25-femme-leopard\/"},"modified":"2025-08-05T01:50:17","modified_gmt":"2025-08-04T23:50:17","slug":"chemise-manches-longues-s25-femme-leopard","status":"publish","type":"product","link":"https:\/\/streetmarkets.fr\/app\/produit\/chemise-manches-longues-s25-femme-leopard\/","title":{"rendered":"Chemise Manches Longues Gaby (S25 \/ FEMME \/ Leopard)"},"content":{"rendered":"<p>Mati\u00e8re soyeuse et imprim\u00e9 l\u00e9opard : cette chemise fluide s&#8217;impose comme un incontournable de la saison. Munie d&#8217;une fermeture boutonn\u00e9e et de manches longues, elle s&#8217;associe \u00e0 une jupe fluide ou \u00e0 un pantalon de tailleur. <\/p>\n<p>&#8211; Chemise en satin de soie Femme<br \/>\n<br \/>&#8211; Imprim\u00e9 l\u00e9opard<br \/>\n<br \/>&#8211; Col chemise<br \/>\n<br \/>&#8211; Boutonn\u00e9e<br \/>\n<br \/>&#8211; Manches longues<br \/>\n<br \/>&#8211; Poignets boutonn\u00e9s<br \/>\n<br \/>&#8211; Coupe oversize<\/p>\n","protected":false},"excerpt":{"rendered":"<p>Mati\u00e8re soyeuse et imprim\u00e9 l\u00e9opard : cette chemise fluide s&#8217;impose comme un incontournable de la saison. Munie d&#8217;une fermeture boutonn\u00e9e et de manches longues, elle s&#8217;associe \u00e0 une jupe fluide ou \u00e0 un pantalon de tailleur. &#8211; Chemise en satin de soie Femme &#8211; Imprim\u00e9 l\u00e9opard &#8211; Col chemise &#8211; Boutonn\u00e9e &#8211; Manches longues &#8211; [&hellip;]<\/p>\n","protected":false},"featured_media":1383286,"comment_status":"open","ping_status":"closed","template":"","meta":[],"product_brand":[6868],"product_cat":[1756,1762],"product_tag":[2244],"acf":[],"_links":{"self":[{"href":"https:\/\/streetmarkets.fr\/app\/wp-json\/wp\/v2\/product\/1383285"}],"collection":[{"href":"https:\/\/streetmarkets.fr\/app\/wp-json\/wp\/v2\/product"}],"about":[{"href":"https:\/\/streetmarkets.fr\/app\/wp-json\/wp\/v2\/types\/product"}],"replies":[{"embeddable":true,"href":"https:\/\/streetmarkets.fr\/app\/wp-json\/wp\/v2\/comments?post=1383285"}],"wp:featuredmedia":[{"embeddable":true,"href":"https:\/\/streetmarkets.fr\/app\/wp-json\/wp\/v2\/media\/1383286"}],"wp:attachment":[{"href":"https:\/\/streetmarkets.fr\/app\/wp-json\/wp\/v2\/media?parent=1383285"}],"wp:term":[{"taxonomy":"product_brand","embeddable":true,"href":"https:\/\/streetmarkets.fr\/app\/wp-json\/wp\/v2\/product_brand?post=1383285"},{"taxonomy":"product_cat","embeddable":true,"href":"https:\/\/streetmarkets.fr\/app\/wp-json\/wp\/v2\/product_cat?post=1383285"},{"taxonomy":"product_tag","embeddable":true,"href":"https:\/\/streetmarkets.fr\/app\/wp-json\/wp\/v2\/product_tag?post=1383285"}],"curies":[{"name":"wp","href":"https:\/\/api.w.org\/{rel}","templated":true}]}}