{"id":1383233,"date":"2025-02-18T01:13:51","date_gmt":"2025-02-18T00:13:51","guid":{"rendered":"https:\/\/streetmarkets.fr\/app\/produit\/foulard-regular-bandana-s25-accessoires-passion-pink\/"},"modified":"2025-04-19T01:53:00","modified_gmt":"2025-04-18T23:53:00","slug":"foulard-regular-bandana-s25-accessoires-passion-pink","status":"publish","type":"product","link":"https:\/\/streetmarkets.fr\/app\/produit\/foulard-regular-bandana-s25-accessoires-passion-pink\/","title":{"rendered":"Foulard Regular Bandana (S25 \/ ACCESSOIRES \/ Passion Pink)"},"content":{"rendered":"<p>&#8211; Foulard carr\u00e9 en cachemire 4 fils certifi\u00e9 GCS\u00ae<br \/>\n<br \/>&#8211; Motif bandana<br \/>\n<br \/>&#8211; 55&#215;55 cm<br \/>\n<br \/>&#8211; Le Good Cashmere Standard\u00ae (GCS) est une norme ind\u00e9pendante pour un cachemire plus durable et plus responsable. Il vise \u00e0 am\u00e9liorer le bien-\u00eatre des ch\u00e8vres cachemire, les conditions de travail des \u00e9leveurs ainsi qu&#8217;\u00e0 prot\u00e9ger l&#8217;environnement.<\/p>\n","protected":false},"excerpt":{"rendered":"<p>&#8211; Foulard carr\u00e9 en cachemire 4 fils certifi\u00e9 GCS\u00ae &#8211; Motif bandana &#8211; 55&#215;55 cm &#8211; Le Good Cashmere Standard\u00ae (GCS) est une norme ind\u00e9pendante pour un cachemire plus durable et plus responsable. Il vise \u00e0 am\u00e9liorer le bien-\u00eatre des ch\u00e8vres cachemire, les conditions de travail des \u00e9leveurs ainsi qu&#8217;\u00e0 prot\u00e9ger l&#8217;environnement.<\/p>\n","protected":false},"featured_media":1383234,"comment_status":"open","ping_status":"closed","template":"","meta":[],"product_brand":[6868],"product_cat":[1756,1764],"product_tag":[2244],"acf":[],"_links":{"self":[{"href":"https:\/\/streetmarkets.fr\/app\/wp-json\/wp\/v2\/product\/1383233"}],"collection":[{"href":"https:\/\/streetmarkets.fr\/app\/wp-json\/wp\/v2\/product"}],"about":[{"href":"https:\/\/streetmarkets.fr\/app\/wp-json\/wp\/v2\/types\/product"}],"replies":[{"embeddable":true,"href":"https:\/\/streetmarkets.fr\/app\/wp-json\/wp\/v2\/comments?post=1383233"}],"wp:featuredmedia":[{"embeddable":true,"href":"https:\/\/streetmarkets.fr\/app\/wp-json\/wp\/v2\/media\/1383234"}],"wp:attachment":[{"href":"https:\/\/streetmarkets.fr\/app\/wp-json\/wp\/v2\/media?parent=1383233"}],"wp:term":[{"taxonomy":"product_brand","embeddable":true,"href":"https:\/\/streetmarkets.fr\/app\/wp-json\/wp\/v2\/product_brand?post=1383233"},{"taxonomy":"product_cat","embeddable":true,"href":"https:\/\/streetmarkets.fr\/app\/wp-json\/wp\/v2\/product_cat?post=1383233"},{"taxonomy":"product_tag","embeddable":true,"href":"https:\/\/streetmarkets.fr\/app\/wp-json\/wp\/v2\/product_tag?post=1383233"}],"curies":[{"name":"wp","href":"https:\/\/api.w.org\/{rel}","templated":true}]}}