{"id":1382599,"date":"2025-02-17T05:48:04","date_gmt":"2025-02-17T04:48:04","guid":{"rendered":"https:\/\/streetmarkets.fr\/app\/produit\/lawson-stripe-shorts\/"},"modified":"2026-03-16T05:45:20","modified_gmt":"2026-03-16T04:45:20","slug":"lawson-stripe-shorts","status":"publish","type":"product","link":"https:\/\/streetmarkets.fr\/app\/produit\/lawson-stripe-shorts\/","title":{"rendered":"Lawson Stripe Shorts"},"content":{"rendered":"<p data-start=\"39\" data-end=\"322\">Alliant confort et \u00e9l\u00e9gance estivale, le <strong data-start=\"80\" data-end=\"104\">Lawson Stripe Shorts<\/strong> de <strong data-start=\"108\" data-end=\"120\">Les Deux<\/strong> est un essentiel du vestiaire masculin. Confectionn\u00e9 en <strong data-start=\"177\" data-end=\"192\">100 % coton<\/strong>, ce short en <strong data-start=\"206\" data-end=\"220\">serg\u00e9 ray\u00e9<\/strong> classique offre une texture raffin\u00e9e et une grande l\u00e9g\u00e8ret\u00e9, id\u00e9ale pour les journ\u00e9es ensoleill\u00e9es.<\/p>\n<p data-start=\"324\" data-end=\"616\">Dot\u00e9 d\u2019un <strong data-start=\"334\" data-end=\"378\">cordon de serrage extensible \u00e0 la taille<\/strong>, il assure un ajustement parfait et un confort optimal. Son <strong data-start=\"439\" data-end=\"473\">lettrage discret sur la cuisse<\/strong> signe une touche subtilement sophistiqu\u00e9e. Avec sa <strong data-start=\"525\" data-end=\"542\">coupe regular<\/strong> et ses <strong data-start=\"550\" data-end=\"581\">poches arri\u00e8re et lat\u00e9rales<\/strong>, il conjugue style et praticit\u00e9.<\/p>\n<p data-start=\"618\" data-end=\"800\">Parfait avec une chemise en lin ou un t-shirt basique, il s\u2019adapte \u00e0 toutes les occasions, du bord de mer aux rues anim\u00e9es de Paris. \u00c0 d\u00e9couvrir chez <strong data-start=\"768\" data-end=\"778\">Harold<\/strong>, au c\u0153ur du Marais.<\/p>\n","protected":false},"excerpt":{"rendered":"<p>Alliant confort et \u00e9l\u00e9gance estivale, le Lawson Stripe Shorts de Les Deux est un essentiel du vestiaire masculin. Confectionn\u00e9 en 100 % coton, ce short en serg\u00e9 ray\u00e9 classique offre une texture raffin\u00e9e et une grande l\u00e9g\u00e8ret\u00e9, id\u00e9ale pour les journ\u00e9es ensoleill\u00e9es. Dot\u00e9 d\u2019un cordon de serrage extensible \u00e0 la taille, il assure un ajustement [&hellip;]<\/p>\n","protected":false},"featured_media":1382600,"comment_status":"open","ping_status":"closed","template":"","meta":[],"product_brand":[],"product_cat":[1756,1758],"product_tag":[2244],"acf":[],"_links":{"self":[{"href":"https:\/\/streetmarkets.fr\/app\/wp-json\/wp\/v2\/product\/1382599"}],"collection":[{"href":"https:\/\/streetmarkets.fr\/app\/wp-json\/wp\/v2\/product"}],"about":[{"href":"https:\/\/streetmarkets.fr\/app\/wp-json\/wp\/v2\/types\/product"}],"replies":[{"embeddable":true,"href":"https:\/\/streetmarkets.fr\/app\/wp-json\/wp\/v2\/comments?post=1382599"}],"wp:featuredmedia":[{"embeddable":true,"href":"https:\/\/streetmarkets.fr\/app\/wp-json\/wp\/v2\/media\/1382600"}],"wp:attachment":[{"href":"https:\/\/streetmarkets.fr\/app\/wp-json\/wp\/v2\/media?parent=1382599"}],"wp:term":[{"taxonomy":"product_brand","embeddable":true,"href":"https:\/\/streetmarkets.fr\/app\/wp-json\/wp\/v2\/product_brand?post=1382599"},{"taxonomy":"product_cat","embeddable":true,"href":"https:\/\/streetmarkets.fr\/app\/wp-json\/wp\/v2\/product_cat?post=1382599"},{"taxonomy":"product_tag","embeddable":true,"href":"https:\/\/streetmarkets.fr\/app\/wp-json\/wp\/v2\/product_tag?post=1382599"}],"curies":[{"name":"wp","href":"https:\/\/api.w.org\/{rel}","templated":true}]}}