{"id":1378478,"date":"2025-02-17T00:39:02","date_gmt":"2025-02-16T23:39:02","guid":{"rendered":"https:\/\/streetmarkets.fr\/app\/produit\/baskets-julie-paillete-dore\/"},"modified":"2025-03-24T00:39:11","modified_gmt":"2025-03-23T23:39:11","slug":"baskets-julie-paillete-dore","status":"publish","type":"product","link":"https:\/\/streetmarkets.fr\/app\/produit\/baskets-julie-paillete-dore\/","title":{"rendered":"Baskets Julie Paillet\u00e9 Dor\u00e9"},"content":{"rendered":"<p>La basket \u00e0 croquets Julie en cuir paillet\u00e9 dor\u00e9 vous apporte originalit\u00e9 et f\u00e9minit\u00e9.<br \/>Une v\u00e9ritable alli\u00e9e du quotidien qui saura ravir chacune de vos tenues.<\/p>\n<p>\u2022 Fabrication artisanale au Portugal<br \/>\u2022 Cuir provenant d&#8217;Espagne et d&#8217;Italie &#8211; certifi\u00e9 LWG (Leather Working Group)<br \/>\u2022 Col \u00e0 croquets<br \/>\u2022 Bijou dor\u00e9 \u00e0 l\u2019arri\u00e8re de la basket<\/p>\n<p><strong>Composition :<\/strong><\/p>\n<p><span>Dessus : 100% cuir de ch\u00e8vre &#8211; LWG<\/span><br \/><span>Doublure : 100% cuir de vachette &#8211; LWG<\/span><br \/><span>Semelle int\u00e9rieure : 100% cuir de vachette &#8211; LWG<\/span><br \/><span>Semelle ext\u00e9rieure : \u00e9lastom\u00e8re<\/span><\/p>\n","protected":false},"excerpt":{"rendered":"<p>La basket \u00e0 croquets Julie en cuir paillet\u00e9 dor\u00e9 vous apporte originalit\u00e9 et f\u00e9minit\u00e9.Une v\u00e9ritable alli\u00e9e du quotidien qui saura ravir chacune de vos tenues. \u2022 Fabrication artisanale au Portugal\u2022 Cuir provenant d&#8217;Espagne et d&#8217;Italie &#8211; certifi\u00e9 LWG (Leather Working Group)\u2022 Col \u00e0 croquets\u2022 Bijou dor\u00e9 \u00e0 l\u2019arri\u00e8re de la basket Composition : Dessus : [&hellip;]<\/p>\n","protected":false},"featured_media":1378479,"comment_status":"open","ping_status":"closed","template":"","meta":[],"product_brand":[],"product_cat":[1756,1763],"product_tag":[1810],"acf":[],"_links":{"self":[{"href":"https:\/\/streetmarkets.fr\/app\/wp-json\/wp\/v2\/product\/1378478"}],"collection":[{"href":"https:\/\/streetmarkets.fr\/app\/wp-json\/wp\/v2\/product"}],"about":[{"href":"https:\/\/streetmarkets.fr\/app\/wp-json\/wp\/v2\/types\/product"}],"replies":[{"embeddable":true,"href":"https:\/\/streetmarkets.fr\/app\/wp-json\/wp\/v2\/comments?post=1378478"}],"wp:featuredmedia":[{"embeddable":true,"href":"https:\/\/streetmarkets.fr\/app\/wp-json\/wp\/v2\/media\/1378479"}],"wp:attachment":[{"href":"https:\/\/streetmarkets.fr\/app\/wp-json\/wp\/v2\/media?parent=1378478"}],"wp:term":[{"taxonomy":"product_brand","embeddable":true,"href":"https:\/\/streetmarkets.fr\/app\/wp-json\/wp\/v2\/product_brand?post=1378478"},{"taxonomy":"product_cat","embeddable":true,"href":"https:\/\/streetmarkets.fr\/app\/wp-json\/wp\/v2\/product_cat?post=1378478"},{"taxonomy":"product_tag","embeddable":true,"href":"https:\/\/streetmarkets.fr\/app\/wp-json\/wp\/v2\/product_tag?post=1378478"}],"curies":[{"name":"wp","href":"https:\/\/api.w.org\/{rel}","templated":true}]}}